NOAA-Style Climate Reports

Select a Year or Month report
2017: Jan Feb Mar Apr May Jun Jul Aug Sep Oct Nov Dec
2016: Jan Feb Mar Apr May Jun Jul Aug Sep Oct Nov Dec
2015: Jan Feb Mar Apr May Jun Jul Aug Sep Oct Nov Dec
2014: Jan Feb Mar Apr May Jun Jul Aug Sep Oct Nov Dec
2013: Jan Feb Mar Apr May Jun Jul Aug Sep Oct Nov Dec
2012: Jan Feb Mar Apr May Jun Jul Aug Sep Oct Nov Dec

Report for 2017 August
                   Monthly Climatological Summary for Aug 2017

Name: East Unity, NH   City: Unity   State: NH
Elevation: 1384 ft  Lat: N 43° 17' 19"   Lon: W 072° 11' 41"

                  Temperature (°F), Rain (in), Wind Speed (mph)

                                      Heat  Cool        Avg
    Mean                              Deg   Deg         Wind                 Dom
Day Temp  High   Time   Low    Time   Days  Days  Rain  Speed High   Time    Dir
----------------------------------------------------------------------------------
 1  72.5  80.3   14:52  64.7   05:45   0.0   7.6  0.00   0.4   8.0   11:46   NNE
 2  71.6  82.7   15:04  62.3   05:47   0.4   7.0  0.00   0.1   7.0   14:16    NE
 3  70.8  81.6   12:59  60.3   06:02   1.0   6.8  0.00   0.3   6.0   14:19   NNE
 4  70.0  78.5   15:08  63.0   02:52   0.3   5.3  0.00   0.7  12.0   18:23    NE
 5  66.2  68.6   12:53  57.6   23:59   0.6   1.9  1.32   0.4   9.0   10:56    NE
 6  60.7  67.8   14:18  52.5   05:53   4.8   0.5  0.00   1.0  18.0   14:11     N
 7  63.1  71.8   13:44  54.4   05:51   3.6   1.7  0.04   0.7  10.0   15:16    NE
 8  62.8  68.6   15:20  59.2   04:08   2.9   0.8  0.32   0.3   9.0   10:57   NNE
 9  64.5  75.6   15:28  55.1   06:02   3.6   3.1  0.24   0.5  12.0   17:26   NNE
10  67.8  77.5   14:33  58.0   01:49   2.0   4.8  0.00   0.1   5.0   13:07   NNE
11  69.1  78.2   11:45  62.1   06:13   0.4   4.5  0.01   0.2   8.0   10:38    NE
12  65.6  73.4   15:59  60.5   07:52   1.5   2.1  0.24   0.6   8.0   15:51    NE
13  66.7  73.7   15:40  59.6   06:02   1.2   2.9  0.00   0.6  11.0   13:50    NW
14  66.1  73.8   13:32  58.0   06:00   2.0   3.1  0.00   0.2   5.0   12:10   ENE
15  67.4  74.2   11:41  60.3   03:54   1.4   3.8  0.00   0.6   9.0   11:59    NE
16  65.9  71.5   14:36  58.4   23:52   1.0   1.9  0.00   0.6  11.0   13:06     N
17  64.2  73.1   14:39  54.4   06:17   3.3   2.4  0.00   0.3   8.0   11:12     N
18  62.4  64.3   00:00  60.9   12:53   2.7   0.0  1.32   0.1   4.0   08:18    NE
19  67.7  75.9   14:13  61.5   06:22   1.1   3.8  0.01   0.3   8.0   17:18    NE
20  66.5  72.1   15:10  61.0   06:27   0.9   2.4  0.00   0.7  12.0   12:06    NW
21  67.9  77.3   13:50  58.9   06:28   1.5   4.5  0.00   0.2   9.0   12:07    NE
----------------------------------------------------------------------------------
    66.6  82.7     2    52.5     6    36.2  70.9  3.50   0.4  18.0     6     NNE

Max >=  80.0:  3
Max <=  32.0:  0
Min <=  32.0:  0
Min <=   0.0:  0
Max Rain: 1.32 on day 5
Days of Rain: 8 (>= 0.01 in)  5 (>= 0.10 in)  2 (>= 1.00 in)
Heat Base: 65.0  Cool Base: 65.0  Method: Integration