NOAA-Style Climate Reports


Report for 2021 January
                   Monthly Climatological Summary for Jan 2021

Name: East Unity, NH   City: Unity   State: NH
Elevation: 1384 ft  Lat: N 43° 17' 19"   Lon: W 072° 11' 41"

                  Temperature (°F), Rain (in), Wind Speed (mph)

                                      Heat  Cool        Avg
    Mean                              Deg   Deg         Wind                 Dom
Day Temp  High   Time   Low    Time   Days  Days  Rain  Speed High   Time    Dir
----------------------------------------------------------------------------------
 1  26.0  30.9   14:24  20.2   08:34  38.9   0.0  0.04   0.1   7.0   10:30   ENE
 2  29.9  33.9   13:54  25.8   23:03  34.9   0.0  0.36   1.9  20.0   15:56   NNE
 3  25.8  27.8   13:38  23.5   08:04  39.0   0.0  0.10   0.2  11.0   00:23    NE
 4  28.2  33.5   14:55  24.0   09:01  36.7   0.0  0.00   0.0   3.0   10:42     E
 5  29.6  31.7   13:23  28.2   23:49  35.4   0.0  0.00   0.5   9.0   11:14    NE
 6  25.0  28.2   00:00  22.0   23:27  40.0   0.0  0.00   3.5  15.0   13:39     N
 7  22.7  27.5   15:03  20.1   08:54  42.3   0.0  0.00   3.5  16.0   10:21     N
 8  21.6  27.4   14:41  16.8   08:02  43.3   0.0  0.00   2.0  13.0   12:17     N
 9  21.4  26.5   15:13  16.4   04:21  43.6   0.0  0.00   2.4  16.0   15:06   NNE
10  23.4  29.4   14:47  19.9   03:51  41.6   0.0  0.00   1.1  15.0   01:01   NNE
11  21.7  26.7   15:30  14.7   07:52  43.2   0.0  0.00   0.0   4.0   12:14   ENE
12  26.5  32.3   13:41  17.6   01:08  38.4   0.0  0.00   0.3  16.0   11:15     N
13  28.4  33.1   13:10  22.7   05:36  36.4   0.0  0.00   0.0   5.0   11:40   ---
14  29.4  34.1   14:27  24.3   04:52  35.5   0.0  0.00   0.0   0.0   00:00   ---
15  30.7  35.9   14:20  24.8   06:21  34.3   0.0  0.00   0.3  13.0   22:49   SSE
----------------------------------------------------------------------------------
    26.0  35.9    15    14.7    11   583.5   0.0  0.50   1.1  20.0     2     NNE

Max >=  80.0:  0
Max <=  32.0:  9
Min <=  32.0: 15
Min <=   0.0:  0
Max Rain: 0.36 on day 2
Days of Rain: 3 (>= 0.01 in)  2 (>= 0.10 in)  0 (>= 1.00 in)
Heat Base: 65.0  Cool Base: 65.0  Method: Integration