NOAA-Style Climate Reports

Select a Year or Month report
2020: Jan Feb Mar Apr May Jun Jul Aug Sep Oct Nov Dec
2019: Jan Feb Mar Apr May Jun Jul Aug Sep Oct Nov Dec
2018: Jan Feb Mar Apr May Jun Jul Aug Sep Oct Nov Dec
2017: Jan Feb Mar Apr May Jun Jul Aug Sep Oct Nov Dec
2016: Jan Feb Mar Apr May Jun Jul Aug Sep Oct Nov Dec
2015: Jan Feb Mar Apr May Jun Jul Aug Sep Oct Nov Dec
2014: Jan Feb Mar Apr May Jun Jul Aug Sep Oct Nov Dec
2013: Jan Feb Mar Apr May Jun Jul Aug Sep Oct Nov Dec
2012: Jan Feb Mar Apr May Jun Jul Aug Sep Oct Nov Dec

Report for 2020 January
                   Monthly Climatological Summary for Jan 2020

Name: East Unity, NH   City: Unity   State: NH
Elevation: 1384 ft  Lat: N 43° 17' 19"   Lon: W 072° 11' 41"

                  Temperature (°F), Rain (in), Wind Speed (mph)

                                      Heat  Cool        Avg
    Mean                              Deg   Deg         Wind                 Dom
Day Temp  High   Time   Low    Time   Days  Days  Rain  Speed High   Time    Dir
----------------------------------------------------------------------------------
 1  27.1  29.5   00:00  24.8   07:55  37.9   0.0  0.00   0.2  10.0   13:10   ESE
 2  27.4  31.9   13:12  20.4   07:45  37.4   0.0  0.00   0.0   8.0   00:49   NNE
 3  33.8  38.2   22:35  30.0   01:34  31.2   0.0  0.00   0.0   2.0   02:22   ---
 4  35.6  38.9   04:29  32.1   23:56  29.4   0.0  0.11   0.1   7.0   23:30   NNW
 5  25.9  32.1   00:00  18.6   23:54  38.9   0.0  0.01   2.7  20.0   13:42   NNW
 6  22.8  27.7   15:44  16.2   06:20  42.0   0.0  0.02   0.1   8.0   19:52    SW
 7  27.5  31.9   13:04  23.7   06:42  37.1   0.0  0.00   0.6  14.0   02:22   NNW
 8  25.8  31.8   14:06  16.2   23:52  39.2   0.0  0.00   2.0  30.0   21:25   NNW
 9  13.2  17.6   14:18   6.3   08:03  51.3   0.0  0.00   1.3  22.0   01:41    NW
10  30.6  38.3   23:56  15.5   00:00  34.4   0.0  0.00   0.4  12.0   03:12    SW
11  47.0  54.3   12:47  37.8   03:02  18.0   0.0  0.00   1.4  21.0   11:09    SE
12  45.2  56.0   06:38  26.6   23:57  19.8   0.0  0.45   2.8  31.0   13:14   NNW
13  27.5  30.1   16:56  23.6   04:38  37.5   0.0  0.00   0.5  10.0   06:33     E
14  32.6  37.1   14:10  30.0   00:06  32.3   0.0  0.00   0.2   8.0   18:41    SE
15  34.7  38.9   14:02  31.6   23:10  30.1   0.0  0.00   0.8  13.0   10:25    NW
16  28.1  32.2   00:00  14.9   23:58  36.9   0.0  0.25   3.6  23.0   23:18    NW
17   6.2  14.9   00:00   0.1   23:53  58.8   0.0  0.00   4.9  24.0   01:40   NNW
18   7.7  14.0   14:13  -0.2   02:07  57.1   0.0  0.26   0.7   9.0   01:08     N
19  20.4  31.1   14:30  11.2   23:46  44.5   0.0  0.01   1.7  17.0   18:41   NNW
20  11.1  17.5   14:49   5.6   07:33  53.9   0.0  0.00   3.0  17.0   07:51   NNW
21  10.8  16.5   15:01   4.2   05:47  53.9   0.0  0.00   0.6   9.0   13:32   NNW
----------------------------------------------------------------------------------
    25.8  56.0    12    -0.2    18   821.6   0.0  1.11   1.3  31.0    12     NNW

Max >=  80.0:  0
Max <=  32.0: 12
Min <=  32.0: 19
Min <=   0.0:  1
Max Rain: 0.45 on day 12
Days of Rain: 7 (>= 0.01 in)  4 (>= 0.10 in)  0 (>= 1.00 in)
Heat Base: 65.0  Cool Base: 65.0  Method: Integration