NOAA-Style Climate Reports

Select a Year or Month report
2019: Jan Feb Mar Apr May Jun Jul Aug Sep Oct Nov Dec
2018: Jan Feb Mar Apr May Jun Jul Aug Sep Oct Nov Dec
2017: Jan Feb Mar Apr May Jun Jul Aug Sep Oct Nov Dec
2016: Jan Feb Mar Apr May Jun Jul Aug Sep Oct Nov Dec
2015: Jan Feb Mar Apr May Jun Jul Aug Sep Oct Nov Dec
2014: Jan Feb Mar Apr May Jun Jul Aug Sep Oct Nov Dec
2013: Jan Feb Mar Apr May Jun Jul Aug Sep Oct Nov Dec
2012: Jan Feb Mar Apr May Jun Jul Aug Sep Oct Nov Dec

Report for 2019 February
                   Monthly Climatological Summary for Feb 2019

Name: East Unity, NH   City: Unity   State: NH
Elevation: 1384 ft  Lat: N 43° 17' 19"   Lon: W 072° 11' 41"

                  Temperature (°F), Rain (in), Wind Speed (mph)

                                      Heat  Cool        Avg
    Mean                              Deg   Deg         Wind                 Dom
Day Temp  High   Time   Low    Time   Days  Days  Rain  Speed High   Time    Dir
----------------------------------------------------------------------------------
 1   4.2  12.4   13:25  -3.0   06:59  60.8   0.0  0.00   1.3  16.0   14:17    NW
 2  15.2  26.6   21:19   0.9   06:54  49.8   0.0  0.00   1.2  15.0   21:08    NW
 3  27.8  35.1   23:55  19.3   04:52  36.8   0.0  0.00   0.5   8.0   00:50   NNW
 4  40.5  50.1   14:00  33.7   01:47  24.5   0.0  0.00   0.9   9.0   06:38     S
 5  40.5  50.6   12:54  29.8   23:57  24.5   0.0  0.00   1.9  17.0   18:51    NW
 6  29.2  38.2   13:40  20.2   07:24  35.8   0.0  0.17   1.5  11.0   03:29    NE
 7  31.9  34.4   13:37  30.0   06:37  33.1   0.0  0.01   0.3  10.0   14:17   ESE
 8  31.9  39.3   12:03  20.0   23:57  33.0   0.0  0.17   2.4  30.0   20:08    NW
 9  18.1  22.9   13:57  14.4   07:05  46.9   0.0  0.00   5.3  28.0   02:52    NW
10  17.8  24.2   13:54  11.3   04:09  47.0   0.0  0.00   1.8  16.0   08:26    NW
11  18.8  25.5   13:57  10.1   23:53  46.2   0.0  0.00   2.7  15.0   10:32   NNW
12  12.6  20.3   23:56   4.6   06:06  52.4   0.0  0.26   1.7  16.0   21:03     E
13  26.2  32.8   13:43  20.3   00:00  38.7   0.0  0.35   1.7  22.0   03:12   NNE
14  23.2  28.7   15:08  19.9   05:20  41.8   0.0  0.00   1.6  19.0   07:59   NNW
15  31.0  38.2   14:55  22.1   00:57  34.0   0.0  0.03   1.2  17.0   21:34   ENE
16  26.7  31.3   00:00  16.7   23:59  38.3   0.0  0.00   3.0  16.0   09:58    NW
17  18.7  26.4   15:26  10.1   07:09  46.2   0.0  0.00   1.7  12.0   08:31   NNW
----------------------------------------------------------------------------------
    24.4  50.6     5    -3.0     1   689.8   0.0  0.99   1.8  30.0     8     NNW

Max >=  80.0:  0
Max <=  32.0:  9
Min <=  32.0: 16
Min <=   0.0:  1
Max Rain: 0.35 on day 13
Days of Rain: 6 (>= 0.01 in)  4 (>= 0.10 in)  0 (>= 1.00 in)
Heat Base: 65.0  Cool Base: 65.0  Method: Integration