NOAA-Style Climate Reports


Report for 2020 October
                   Monthly Climatological Summary for Oct 2020

Name: East Unity, NH   City: Unity   State: NH
Elevation: 1384 ft  Lat: N 43° 17' 19"   Lon: W 072° 11' 41"

                  Temperature (°F), Rain (in), Wind Speed (mph)

                                      Heat  Cool        Avg
    Mean                              Deg   Deg         Wind                 Dom
Day Temp  High   Time   Low    Time   Days  Days  Rain  Speed High   Time    Dir
----------------------------------------------------------------------------------
 1  54.9  65.3   13:52  47.9   04:14  10.1   0.0  0.01   0.4   9.0   14:02   NNE
 2  50.0  53.8   00:00  45.4   23:59  15.0   0.0  0.00   0.1   8.0   14:41    NW
 3  48.2  55.1   15:21  42.4   04:51  16.8   0.0  0.00   0.2   9.0   12:28     N
 4  47.6  56.6   12:10  40.0   07:00  17.4   0.0  0.01   0.1   5.0   15:41   NNE
 5  52.1  62.5   14:12  42.9   03:51  12.9   0.0  0.00   0.2   6.0   12:09     N
 6  54.7  61.3   15:09  48.5   02:29  10.3   0.0  0.00   0.7  11.0   12:58    NE
 7  53.3  62.6   13:01  48.4   07:17  11.7   0.0  0.23   1.1  21.0   19:32     N
 8  46.3  51.4   14:20  39.1   23:59  18.7   0.0  0.00   2.3  24.0   11:01   NNW
 9  43.4  53.0   15:13  33.9   07:13  21.6   0.0  0.00   0.6  15.0   16:35     N
10  58.3  70.3   14:18  46.0   00:06   7.8   1.1  0.01   1.0  11.0   12:53   ENE
11  48.1  61.0   00:00  40.7   23:57  16.9   0.0  0.00   1.6  13.0   00:45     N
12  44.0  49.6   15:26  39.6   03:49  21.0   0.0  0.00   1.4  13.0   11:11   ENE
13  44.9  47.0   21:37  43.0   07:20  20.1   0.0  1.16   1.7  15.0   03:48   ENE
14  51.0  59.9   15:26  45.7   07:41  14.0   0.0  0.00   0.5  14.0   13:42   NNW
15  55.7  67.7   15:30  45.2   05:56   9.7   0.3  0.00   1.1  15.0   11:45   ENE
16  50.7  56.7   05:12  43.4   23:48  14.3   0.0  0.87   0.0   6.0   00:03    NW
17  40.5  47.8   15:38  32.7   07:04  24.5   0.0  1.09   0.9  17.0   14:00   NNW
18  44.0  55.2   14:16  35.0   04:31  21.0   0.0  0.00   0.5  13.0   12:08    SE
19  48.3  56.6   13:58  39.4   06:34  16.7   0.0  0.00   0.3   8.0   10:35    SE
20  55.0  61.9   15:59  48.9   03:53  10.0   0.0  0.00   0.1   7.0   11:53    SE
21  57.8  66.8   16:11  51.2   03:00   7.4   0.1  0.00   0.5  12.0   16:50    SE
22  59.7  67.7   16:05  51.2   07:08   5.6   0.3  0.00   0.2  11.0   12:07     N
23  56.7  61.9   14:30  52.7   05:02   8.4   0.0  0.00   0.1   8.0   14:54   ESE
----------------------------------------------------------------------------------
    50.7  70.3    10    32.7    17   331.9   1.8  3.38   0.7  24.0     8     NNE

Max >=  80.0:  0
Max <=  32.0:  0
Min <=  32.0:  0
Min <=   0.0:  0
Max Rain: 1.16 on day 13
Days of Rain: 7 (>= 0.01 in)  4 (>= 0.10 in)  2 (>= 1.00 in)
Heat Base: 65.0  Cool Base: 65.0  Method: Integration