NOAA-Style Climate Reports


Report for 2018 October
                   Monthly Climatological Summary for Oct 2018

Name: East Unity, NH   City: Unity   State: NH
Elevation: 1384 ft  Lat: N 43° 17' 19"   Lon: W 072° 11' 41"

                  Temperature (°F), Rain (in), Wind Speed (mph)

                                      Heat  Cool        Avg
    Mean                              Deg   Deg         Wind                 Dom
Day Temp  High   Time   Low    Time   Days  Days  Rain  Speed High   Time    Dir
----------------------------------------------------------------------------------
 1  51.1  53.0   13:09  50.0   23:53  13.9   0.0  0.21   0.2   7.0   17:33    NE
 2  49.4  50.9   16:06  47.6   06:48  15.6   0.0  0.60   0.3   8.0   11:46   NNE
 3  53.2  58.1   16:09  49.2   02:19  11.8   0.0  0.02   0.2   6.0   15:04   NNE
 4  60.1  66.1   13:09  54.5   07:19   5.0   0.1  0.00   0.6  13.0   23:13   NNE
 5  49.4  58.9   00:00  40.6   07:26  15.6   0.0  0.00   0.8  15.0   01:36     N
 6  50.1  57.6   14:56  42.2   07:36  14.9   0.0  0.00   0.6   8.0   19:04   NNE
 7  58.3  62.4   12:24  54.8   23:48   6.6   0.0  0.00   0.4   9.0   00:14   NNE
 8  50.7  54.8   00:00  48.7   13:22  14.3   0.0  0.01   0.5   7.0   20:19   NNE
 9  62.0  70.1   15:08  52.0   00:00   4.2   1.2  0.00   0.5   8.0   01:59    NE
10  66.7  75.0   13:17  60.4   07:31   1.2   2.9  0.00   0.4  11.0   12:17   NNE
11  58.6  66.0   06:52  53.3   19:52   6.5   0.1  1.50   0.2   5.0   08:33   NNE
12  50.7  59.7   00:12  42.3   23:42  14.3   0.0  0.00   1.9  17.0   13:49    NW
13  41.5  45.4   15:00  38.2   23:26  23.4   0.0  0.08   0.7  14.0   17:45    NW
14  41.6  50.6   15:10  34.2   06:36  23.4   0.0  0.00   0.4  10.0   10:58   NNW
15  46.5  57.0   21:53  37.8   04:35  18.5   0.0  0.18   1.1  15.0   22:58   NNE
16  42.3  50.3   00:00  36.4   05:57  22.7   0.0  0.00   2.5  28.0   00:59    NW
17  40.2  51.0   13:18  34.6   23:46  24.8   0.0  0.07   1.4  28.0   17:30   NNW
18  32.2  36.6   15:48  29.0   04:29  32.8   0.0  0.02   3.0  24.0   14:02    NW
19  41.5  54.2   15:48  29.2   06:14  23.5   0.0  0.00   1.0  12.0   20:56     E
20  48.5  56.7   15:42  42.7   22:23  16.5   0.0  0.00   1.5  14.0   13:00   NNE
21  35.8  43.5   00:16  30.6   23:59  29.2   0.0  0.00   2.8  20.0   14:18    NW
22  35.5  43.3   14:29  27.1   03:07  29.5   0.0  0.00   0.5  10.0   12:33    NW
23  39.9  47.0   11:19  36.6   05:55  24.9   0.0  0.33   0.3   7.0   10:20   ENE
24  37.1  39.6   16:34  31.9   22:48  27.9   0.0  0.06   2.0  16.0   18:45    NW
25  33.4  36.0   11:02  30.0   23:49  31.6   0.0  0.00   2.6  18.0   13:41    NW
26  31.9  39.1   14:35  26.8   07:08  33.1   0.0  0.00   1.5  15.0   09:20    NW
27  33.8  34.9   16:49  31.7   00:42  31.2   0.0  0.40   5.3  29.0   16:17    NE
28  38.5  42.9   16:26  34.3   00:00  26.5   0.0  0.06   1.2  19.0   00:07   ENE
29  40.6  44.2   16:08  36.2   23:08  24.4   0.0  0.53   0.1   9.0   19:19   NNW
30  35.0  38.0   16:20  30.7   23:43  30.0   0.0  0.02   1.5  16.0   10:18    NW
31  38.6  48.4   23:58  29.1   07:56  26.4   0.0  0.00   0.4  10.0   12:47   NNW
----------------------------------------------------------------------------------
    45.0  75.0    10    26.8    26   624.2   4.3  4.09   1.2  29.0    27     NNW

Max >=  80.0:  0
Max <=  32.0:  0
Min <=  32.0: 10
Min <=   0.0:  0
Max Rain: 1.50 on day 11
Days of Rain: 15 (>= 0.01 in)  7 (>= 0.10 in)  1 (>= 1.00 in)
Heat Base: 65.0  Cool Base: 65.0  Method: Integration