NOAA-Style Climate Reports


Report for 2018 November
                   Monthly Climatological Summary for Nov 2018

Name: East Unity, NH   City: Unity   State: NH
Elevation: 1384 ft  Lat: N 43° 17' 19"   Lon: W 072° 11' 41"

                  Temperature (°F), Rain (in), Wind Speed (mph)

                                      Heat  Cool        Avg
    Mean                              Deg   Deg         Wind                 Dom
Day Temp  High   Time   Low    Time   Days  Days  Rain  Speed High   Time    Dir
----------------------------------------------------------------------------------
 1  48.1  50.8   08:42  45.2   21:53  16.9   0.0  0.09   0.3   9.0   14:39   ENE
 2  50.5  55.9   16:05  45.0   06:03  14.5   0.0  1.41   0.2  16.0   10:20   ENE
 3  46.7  52.4   00:00  37.5   23:57  18.3   0.0  0.81   2.4  31.0   18:55   NNW
 4  36.1  43.2   13:12  31.1   23:59  30.2   0.0  0.00   1.6  17.0   00:11    NW
 5  36.0  39.7   15:23  30.4   00:55  29.0   0.0  0.14   1.0  11.0   09:26     E
 6  44.7  49.2   22:10  38.0   00:37  20.3   0.0  0.53   0.7  10.0   05:56     E
 7  44.9  51.8   13:24  40.2   21:19  20.1   0.0  0.00   1.6  24.0   14:44   NNW
 8  39.1  43.6   13:59  33.9   23:58  25.9   0.0  0.00   1.5  17.0   10:52    NW
 9  35.2  39.6   12:08  29.9   07:26  29.8   0.0  0.68   1.4  17.0   17:55     E
10  34.2  38.2   09:20  29.1   23:57  30.8   0.0  0.16   2.7  26.0   15:25   NNW
11  28.6  33.1   13:03  25.0   04:38  36.4   0.0  0.00   3.3  23.0   06:44    NW
12  30.8  39.9   13:37  22.1   06:16  33.2   0.0  0.00   0.3   7.0   09:39   WSW
13  33.2  35.4   00:10  27.3   23:58  31.3   0.0  0.90   1.3  24.0   22:05    NW
14  21.0  27.3   00:00  13.0   22:53  43.4   0.0  0.00   4.4  34.0   15:15    NW
15  19.2  27.2   14:21  12.0   04:58  45.3   0.0  0.05   0.8  12.0   23:01   ENE
16  26.6  30.8   23:55  23.1   00:00  37.0   0.0  0.26   2.8  20.0   07:41    NE
17  33.7  37.2   12:59  30.8   00:00  31.3   0.0  0.00   1.4  19.0   03:30    NW
18  28.3  32.3   00:13  23.7   06:58  36.6   0.0  0.00   0.8  12.0   00:08   NNW
19  31.1  36.0   13:42  27.5   00:00  33.9   0.0  0.03   0.0   4.0   13:59     N
20  31.0  32.7   11:53  25.2   23:59  34.0   0.0  0.35   0.2  11.0   23:47     N
21  22.4  32.0   14:00  10.4   23:55  42.6   0.0  0.03   2.1  26.0   18:27    NW
22   5.8  10.4   00:00  -0.2   06:15  59.2   0.0  0.00   4.0  26.0   12:56    NW
23  11.9  19.9   14:33   2.6   05:36  53.1   0.0  0.00   0.8   9.0   00:21    NW
24  25.5  34.1   15:37  14.0   02:59  39.5   0.0  0.00   0.6   7.0   00:10   ENE
25  35.5  38.2   12:13  32.7   02:02  29.5   0.0  0.01   0.0   4.0   03:52   ENE
26  33.8  36.0   00:00  32.1   23:55  31.2   0.0  0.37   0.7  10.0   13:17   ESE
27  31.2  32.6   14:00  27.9   23:37  32.5   0.0  0.39   0.3  10.0   16:31   NNW
28  30.5  32.6   13:02  27.9   00:00  34.3   0.0  0.06   0.8  14.0   10:54    NW
29  31.1  33.4   12:37  29.6   23:49  33.9   0.0  0.00   2.1  13.0   12:10    NW
30  29.0  30.3   12:26  28.0   23:01  35.9   0.0  0.00   0.9   9.0   07:55    NW
----------------------------------------------------------------------------------
    31.9  55.9     2    -0.2    22   989.9   0.0  6.27   1.4  34.0    14     NNW

Max >=  80.0:  0
Max <=  32.0:  7
Min <=  32.0: 22
Min <=   0.0:  1
Max Rain: 1.41 on day 2
Days of Rain: 17 (>= 0.01 in)  11 (>= 0.10 in)  1 (>= 1.00 in)
Heat Base: 65.0  Cool Base: 65.0  Method: Integration