NOAA-Style Climate Reports

Select a Year or Month report
2019: Jan Feb Mar Apr May Jun Jul Aug Sep Oct Nov Dec
2018: Jan Feb Mar Apr May Jun Jul Aug Sep Oct Nov Dec
2017: Jan Feb Mar Apr May Jun Jul Aug Sep Oct Nov Dec
2016: Jan Feb Mar Apr May Jun Jul Aug Sep Oct Nov Dec
2015: Jan Feb Mar Apr May Jun Jul Aug Sep Oct Nov Dec
2014: Jan Feb Mar Apr May Jun Jul Aug Sep Oct Nov Dec
2013: Jan Feb Mar Apr May Jun Jul Aug Sep Oct Nov Dec
2012: Jan Feb Mar Apr May Jun Jul Aug Sep Oct Nov Dec

Report for 2018 December
                   Monthly Climatological Summary for Dec 2018

Name: East Unity, NH   City: Unity   State: NH
Elevation: 1384 ft  Lat: N 43° 17' 19"   Lon: W 072° 11' 41"

                  Temperature (°F), Rain (in), Wind Speed (mph)

                                      Heat  Cool        Avg
    Mean                              Deg   Deg         Wind                 Dom
Day Temp  High   Time   Low    Time   Days  Days  Rain  Speed High   Time    Dir
----------------------------------------------------------------------------------
 1  28.6  31.1   13:23  26.0   19:43  36.4   0.0  0.00   0.7  11.0   10:26   NNW
 2  33.4  36.6   13:38  27.5   00:00  31.6   0.0  0.60   0.5   9.0   08:30     E
 3  34.4  37.7   11:52  29.2   23:56  30.6   0.0  0.00   1.3  16.0   19:09    NW
 4  23.0  29.2   00:00  15.2   23:33  42.0   0.0  0.00   3.3  18.0   00:50    NW
 5  20.1  26.9   13:09  13.1   06:17  44.9   0.0  0.00   0.1   5.0   12:08   NNE
 6  24.2  28.7   12:06  18.1   06:26  40.8   0.0  0.00   0.5   9.0   10:55   SSE
 7  22.4  27.2   06:21  11.7   23:59  42.6   0.0  0.00   2.0  18.0   10:03    NW
 8  12.2  18.6   14:58   5.8   07:48  52.8   0.0  0.00   1.0  13.0   14:38    NW
 9  19.5  27.1   12:40  11.7   03:47  45.5   0.0  0.00   0.7  15.0   21:05     S
10  22.6  26.1   14:36  12.2   23:45  42.4   0.0  0.00   1.8  13.0   08:00   NNW
11  16.6  24.0   16:20   7.1   07:36  48.4   0.0  0.00   0.1   8.0   12:56   WNW
12  19.2  25.3   12:13   8.8   23:59  45.6   0.0  0.00   1.6  18.0   12:42   NNW
13  13.8  21.4   23:58   5.3   05:34  50.9   0.0  0.00   0.1   4.0   12:23     E
14  30.4  35.5   21:20  21.4   00:00  34.3   0.0  0.00   0.7   9.0   10:04   SSE
15  36.3  42.5   10:40  29.4   23:58  28.6   0.0  0.00   1.2  11.0   15:00   NNE
16  30.4  33.1   15:18  26.1   06:14  34.6   0.0  0.02   2.4  17.0   19:47   ENE
17  31.0  33.8   12:39  23.7   23:59  34.0   0.0  0.08   2.4  20.0   22:43   NNW
18  17.5  23.7   00:00  12.8   22:27  46.9   0.0  0.00   4.6  22.0   01:51    NW
19  20.8  30.1   14:20  11.7   07:25  44.2   0.0  0.00   0.2   9.0   00:36    NW
20  31.4  39.7   14:43  23.7   07:38  33.5   0.0  0.11   0.1   6.0   12:14   SSW
21  44.3  52.5   17:27  32.3   00:00  20.7   0.0  1.59   1.1  17.0   07:24   ESE
22  37.5  48.5   00:34  27.9   23:53  27.4   0.0  0.03   2.6  28.0   22:31    NW
23  25.2  28.0   14:31  21.3   21:48  39.8   0.0  0.00   2.1  16.0   01:05    NW
24  27.6  32.8   13:53  23.0   00:19  37.4   0.0  0.00   0.4  10.0   22:51    NW
25  21.6  28.0   00:00  16.5   23:54  43.4   0.0  0.00   1.5  13.0   09:47    NW
26  20.7  28.0   23:51  13.4   04:36  44.1   0.0  0.00   0.9  12.0   09:32    NW
27  21.8  28.0   00:00  14.8   08:13  43.2   0.0  0.00   1.3  15.0   01:55     N
28  32.1  41.3   23:55  24.2   00:00  32.9   0.0  0.43   0.6  11.0   05:33     E
29  34.5  42.2   02:24  17.9   23:56  30.5   0.0  0.00   2.4  21.0   08:24    NW
30  22.2  27.9   13:45  15.6   02:42  42.8   0.0  0.00   0.5   9.0   13:44     N
31  30.4  35.0   13:38  24.7   07:34  34.6   0.0  0.40   0.7  11.0   19:38     E
----------------------------------------------------------------------------------
    26.0  52.5    21     5.3    13  1207.4   0.0  3.26   1.3  28.0    22     NNW

Max >=  80.0:  0
Max <=  32.0: 18
Min <=  32.0: 30
Min <=   0.0:  0
Max Rain: 1.59 on day 21
Days of Rain: 8 (>= 0.01 in)  5 (>= 0.10 in)  1 (>= 1.00 in)
Heat Base: 65.0  Cool Base: 65.0  Method: Integration