NOAA-Style Climate Reports


Report for 2019 January
                   Monthly Climatological Summary for Jan 2019

Name: East Unity, NH   City: Unity   State: NH
Elevation: 1384 ft  Lat: N 43° 17' 19"   Lon: W 072° 11' 41"

                  Temperature (°F), Rain (in), Wind Speed (mph)

                                      Heat  Cool        Avg
    Mean                              Deg   Deg         Wind                 Dom
Day Temp  High   Time   Low    Time   Days  Days  Rain  Speed High   Time    Dir
----------------------------------------------------------------------------------
 1  32.8  41.5   10:59  20.9   23:59  32.1   0.0  0.18   3.2  24.0   10:19    NW
 2  20.1  25.3   14:09  14.5   08:09  44.9   0.0  0.00   0.4   8.0   01:46     N
 3  28.4  33.0   13:11  24.2   00:00  36.6   0.0  0.07   0.9  14.0   12:04    NW
 4  30.3  35.2   14:03  25.3   08:04  34.6   0.0  0.00   0.8   9.0   12:03   ESE
 5  31.9  34.5   13:38  29.3   06:10  33.0   0.0  0.09   0.6  12.0   22:01     N
 6  27.6  34.7   11:31  13.6   23:57  37.4   0.0  0.00   4.2  24.0   21:12    NW
 7  13.3  20.0   23:58   6.7   07:31  51.4   0.0  0.00   2.9  22.0   01:29   NNW
 8  25.5  33.4   14:53  17.5   03:10  39.5   0.0  0.22   0.5   8.0   00:28    NE
 9  30.9  32.6   11:26  26.2   23:59  34.1   0.0  0.58   1.4  19.0   14:06   NNW
10  21.9  26.2   00:00  13.6   23:48  43.1   0.0  0.00   2.4  19.0   10:36    NW
11   8.7  13.8   01:44   0.8   23:38  55.3   0.0  0.00   2.5  22.0   14:29    NW
12   5.1  12.3   14:18  -0.8   05:19  59.8   0.0  0.00   1.2  12.0   11:07    NW
13   6.9  13.5   15:24   1.1   07:21  58.0   0.0  0.00   0.5  10.0   00:08   NNE
14  10.9  21.6   14:35  -0.4   07:37  54.1   0.0  0.00   0.3   8.0   14:46   NNW
15  20.7  26.3   14:29  14.0   04:38  44.3   0.0  0.00   1.3  11.0   05:20    NW
16  24.7  30.9   14:15  13.5   23:57  40.3   0.0  0.00   1.7  17.0   20:58   NNW
17   9.9  16.1   15:36   1.3   07:24  55.1   0.0  0.00   0.5   9.0   12:21    NW
18  21.6  28.2   21:07  13.0   00:00  43.4   0.0  0.00   0.7  13.0   21:09    NW
19  18.3  23.7   01:52  15.2   18:40  46.7   0.0  0.06   1.5  12.0   23:19    NE
20  10.7  16.4   15:42  -3.4   23:59  54.2   0.0  0.50   4.3  21.0   01:08   NNE
21  -3.8  -1.3   21:37  -6.6   08:39  68.8   0.0  0.00   4.8  25.0   12:39    NW
22   6.0  14.8   14:05  -4.6   07:44  59.0   0.0  0.00   1.7  16.0   03:30   NNW
23  24.8  35.1   23:14  11.7   00:00  40.2   0.0  0.06   1.2  15.0   12:44   SSW
24  40.6  48.1   13:40  29.0   23:48  24.4   0.0  1.52   2.0  23.0   21:05   NNW
25  24.9  29.7   12:31  13.7   23:57  40.1   0.0  0.00   2.1  21.0   19:25    NW
26  14.4  21.6   14:26   9.5   07:43  50.4   0.0  0.00   0.6  14.0   10:55   NNW
27  23.2  32.7   13:27   8.8   01:52  41.8   0.0  0.02   1.3  14.0   13:03   ESE
28  13.3  23.6   00:00   6.2   23:59  51.7   0.0  0.00   1.3  12.0   11:34   NNW
29  13.8  18.8   13:05   5.4   01:20  51.2   0.0  0.14   1.5  15.0   10:30   ESE
30  14.5  20.4   16:08  -3.7   23:59  50.5   0.0  0.03   2.0  25.0   19:25    NW
31  -0.9   7.6   13:33  -8.9   07:13  65.9   0.0  0.00   1.4  18.0   11:41   NNW
----------------------------------------------------------------------------------
    18.4  48.1    24    -8.9    31  1441.9   0.0  3.47   1.7  25.0    21     NNW

Max >=  80.0:  0
Max <=  32.0: 21
Min <=  32.0: 31
Min <=   0.0:  7
Max Rain: 1.52 on day 24
Days of Rain: 12 (>= 0.01 in)  6 (>= 0.10 in)  1 (>= 1.00 in)
Heat Base: 65.0  Cool Base: 65.0  Method: Integration