NOAA-Style Climate Reports


Report for 2019 April
                   Monthly Climatological Summary for Apr 2019

Name: East Unity, NH   City: Unity   State: NH
Elevation: 1384 ft  Lat: N 43° 17' 19"   Lon: W 072° 11' 41"

                  Temperature (°F), Rain (in), Wind Speed (mph)

                                      Heat  Cool        Avg
    Mean                              Deg   Deg         Wind                 Dom
Day Temp  High   Time   Low    Time   Days  Days  Rain  Speed High   Time    Dir
----------------------------------------------------------------------------------
 1  29.3  32.9   15:57  24.6   23:58  35.7   0.0  0.00   3.8  22.0   14:40    NW
 2  34.3  48.3   14:53  20.1   06:25  30.7   0.0  0.00   1.1  12.0   12:34   SSE
 3  39.3  54.3   13:33  32.6   06:48  25.7   0.0  0.00   3.2  29.0   20:45   NNW
 4  32.8  39.1   14:54  27.5   23:38  32.2   0.0  0.00   4.9  25.0   19:21    NW
 5  32.4  43.8   14:28  22.7   06:37  32.6   0.0  0.04   1.5  15.0   01:06   NNW
 6  39.4  50.9   14:03  31.1   01:16  25.6   0.0  0.01   1.2  16.0   17:40    NW
 7  46.3  57.0   16:38  35.6   04:53  18.7   0.0  0.00   0.6  11.0   13:51   NNW
 8  34.8  46.5   00:00  30.6   20:37  30.2   0.0  0.05   1.9  18.0   07:02   ESE
 9  32.1  34.2   13:11  30.6   01:47  32.9   0.0  0.01   0.5  10.0   15:03   ESE
10  31.5  34.8   14:41  28.7   23:58  33.4   0.0  0.00   3.1  20.0   10:43   NNW
11  35.1  45.1   15:00  25.3   06:17  29.9   0.0  0.00   2.0  15.0   09:15   NNW
12  40.7  46.4   23:59  33.9   00:44  24.3   0.0  0.01   0.6  12.0   14:23    SE
13  57.0  69.9   14:33  46.4   00:00   8.6   0.6  0.01   1.1  19.0   12:50   NNW
14  51.7  59.9   15:49  45.3   06:37  13.3   0.0  0.00   1.1  10.0   02:55   NNE
15  45.2  61.2   12:28  33.9   23:57  19.8   0.0  0.63   2.3  23.0   19:36   NNW
16  39.7  50.1   15:52  32.8   06:04  25.2   0.0  0.00   5.3  22.0   15:05   NNW
17  45.1  57.1   15:46  32.8   05:45  19.8   0.0  0.00   2.0  14.0   11:02     N
18  42.1  49.2   14:59  36.8   04:31  22.9   0.0  0.00   1.1  15.0   15:57    SE
19  60.2  70.3   15:54  44.0   00:00   5.8   1.0  0.01   2.1  17.0   09:00   ESE
20  62.8  64.7   16:39  59.4   23:56   2.2   0.0  0.83   2.1  19.0   05:25   ESE
21  55.8  63.8   15:04  49.8   23:59   9.2   0.0  0.07   0.4   9.0   01:31   SSE
22  56.8  67.8   14:21  49.3   07:01   8.3   0.1  0.13   2.5  16.0   13:51   ENE
23  54.3  67.0   15:39  48.4   08:52  10.8   0.1  0.44   1.4  12.0   03:01   ENE
24  47.1  52.7   10:45  41.0   23:59  17.9   0.0  0.05   1.9  15.0   10:03   NNW
25  48.9  63.9   16:00  37.5   05:46  16.1   0.0  0.00   1.3  12.0   08:30     N
26  42.2  47.4   00:00  37.7   23:19  22.8   0.0  0.51   2.5  19.0   12:34   ESE
27  38.8  40.7   12:58  36.6   22:36  26.2   0.0  0.44   2.5  22.0   01:04     N
28  41.1  51.0   13:34  32.3   06:05  23.8   0.0  0.00   1.8  13.0   17:27   NNW
29  41.9  52.2   15:21  32.3   05:58  23.1   0.0  0.00   2.2  15.0   09:08   NNW
30  40.4  44.9   18:15  38.0   04:26  24.6   0.0  0.00   0.9  11.0   15:48   NNW
----------------------------------------------------------------------------------
    43.3  70.3    19    20.1     2   652.3   1.8  3.24   2.0  29.0     3       N

Max >=  80.0:  0
Max <=  32.0:  0
Min <=  32.0:  9
Min <=   0.0:  0
Max Rain: 0.83 on day 20
Days of Rain: 15 (>= 0.01 in)  6 (>= 0.10 in)  0 (>= 1.00 in)
Heat Base: 65.0  Cool Base: 65.0  Method: Integration