NOAA-Style Climate Reports


Report for 2019 May
                   Monthly Climatological Summary for May 2019

Name: East Unity, NH   City: Unity   State: NH
Elevation: 1384 ft  Lat: N 43° 17' 19"   Lon: W 072° 11' 41"

                  Temperature (°F), Rain (in), Wind Speed (mph)

                                      Heat  Cool        Avg
    Mean                              Deg   Deg         Wind                 Dom
Day Temp  High   Time   Low    Time   Days  Days  Rain  Speed High   Time    Dir
----------------------------------------------------------------------------------
 1  43.8  48.3   16:24  39.1   06:35  21.2   0.0  0.03   0.4  10.0   23:36     E
 2  42.5  44.3   00:00  40.1   23:19  22.5   0.0  0.13   0.7   8.0   13:56   ESE
 3  45.5  50.5   17:52  39.9   02:08  19.5   0.0  0.15   0.5   9.0   14:57    NE
 4  54.4  63.8   15:28  46.2   03:15  10.6   0.0  0.00   0.6   9.0   10:25    NE
 5  51.8  54.2   14:57  49.4   23:59  13.2   0.0  0.00   0.8  10.0   12:47     E
 6  55.8  70.1   15:20  44.6   06:21   9.7   0.6  0.00   1.5  16.0   12:58     E
 7  51.8  60.2   14:36  44.9   04:51  13.2   0.0  0.16   0.7  10.0   18:18   NNW
 8  48.8  58.8   14:09  40.0   06:10  16.2   0.0  0.00   2.2  19.0   17:17     N
 9  51.2  67.6   14:27  36.3   04:50  13.9   0.1  0.02   1.0   9.0   13:14   ENE
10  47.6  55.0   18:26  40.9   05:39  17.4   0.0  0.27   0.6  12.0   17:51    NE
11  50.3  58.7   15:46  43.5   23:59  14.7   0.0  0.00   2.7  17.0   13:48     N
12  45.7  50.2   14:09  41.9   05:46  19.3   0.0  0.00   0.7  13.0   11:41     E
13  44.6  53.6   12:38  35.2   23:57  20.4   0.0  0.35   1.8  19.0   14:33   ESE
14  38.0  44.7   15:57  32.6   05:25  27.0   0.0  0.18   0.9  11.0   10:13   ENE
15  45.0  53.4   17:05  38.4   05:26  19.9   0.0  0.02   1.3  18.0   13:01   NNW
16  52.2  62.3   15:32  42.4   05:34  12.8   0.0  0.00   1.0  13.0   13:31     N
17  56.2  68.6   15:51  45.6   06:57   9.4   0.5  0.15   0.9  10.0   14:23    NE
18  56.7  68.5   15:37  44.1   05:12   8.6   0.3  0.00   2.0  14.0   08:34     N
19  61.7  75.3   15:39  50.0   06:09   5.8   2.5  0.30   0.9  12.0   16:01   ENE
20  67.1  76.7   14:59  57.9   23:59   1.0   3.1  0.28   1.2  17.0   22:28   NNE
21  52.6  57.9   00:00  47.5   07:37  12.4   0.0  0.00   3.7  24.0   12:25   NNW
22  55.3  65.1   15:32  45.8   05:34   9.7   0.0  0.00   2.2  15.0   10:19     N
23  58.6  72.5   13:03  49.9   06:03   7.5   1.1  0.32   0.9   8.0   10:45     E
24  55.2  60.2   12:56  50.0   23:59   9.8   0.0  0.00   2.1  19.0   09:09     N
25  59.0  70.8   15:47  46.6   04:50   6.9   0.9  0.01   0.8  10.0   15:56   ENE
26  66.4  78.8   15:38  51.8   05:47   3.7   5.1  0.00   1.6  19.0   13:58   NNE
27  61.9  70.2   16:33  52.5   23:59   4.3   1.1  0.00   1.3  14.0   17:32   NNE
28  46.6  53.6   09:31  40.6   21:46  18.4   0.0  0.89   0.7  12.0   09:16     E
29  46.7  53.7   16:38  40.6   00:00  18.3   0.0  0.01   0.4   8.0   04:54   ENE
30  57.2  66.4   17:17  49.2   05:16   8.0   0.1  0.00   0.4   8.0   14:51   ENE
31  60.5  67.4   15:42  55.2   05:52   4.8   0.3  0.00   0.4  17.0   14:19     N
----------------------------------------------------------------------------------
    52.6  78.8    26    32.6    14   400.1  15.7  3.27   1.2  24.0    21     NNE

Max >=  80.0:  0
Max <=  32.0:  0
Min <=  32.0:  0
Min <=   0.0:  0
Max Rain: 0.89 on day 28
Days of Rain: 16 (>= 0.01 in)  11 (>= 0.10 in)  0 (>= 1.00 in)
Heat Base: 65.0  Cool Base: 65.0  Method: Integration