NOAA-Style Climate Reports


Report for 2019 June
                   Monthly Climatological Summary for Jun 2019

Name: East Unity, NH   City: Unity   State: NH
Elevation: 1384 ft  Lat: N 43° 17' 19"   Lon: W 072° 11' 41"

                  Temperature (°F), Rain (in), Wind Speed (mph)

                                      Heat  Cool        Avg
    Mean                              Deg   Deg         Wind                 Dom
Day Temp  High   Time   Low    Time   Days  Days  Rain  Speed High   Time    Dir
----------------------------------------------------------------------------------
 1  59.1  69.6   14:47  47.8   06:05   6.8   0.9  0.00   0.3   6.0   14:09   ENE
 2  58.2  68.8   14:17  52.8   04:41   6.9   0.1  0.55   0.3   7.0   14:37   ENE
 3  51.1  58.8   13:05  42.8   05:27  13.9   0.0  0.00   1.6  17.0   18:57   NNE
 4  51.7  60.5   14:53  41.5   05:00  13.3   0.0  0.00   1.0  13.0   10:27   NNE
 5  59.4  71.2   13:23  47.5   04:17   7.1   1.5  0.51   0.4  10.0   10:50    NE
 6  63.0  69.5   15:55  58.3   23:57   2.8   0.8  0.34   0.6  10.0   15:38     N
 7  64.9  74.6   14:34  51.8   06:06   3.4   3.3  0.00   0.6  12.0   14:12   NNE
 8  65.3  72.9   15:18  54.9   05:50   2.3   2.6  0.00   0.8  12.0   09:32    NE
 9  66.6  77.8   15:43  52.2   06:12   3.2   4.8  0.00   0.4  11.0   12:59   ENE
10  66.6  77.3   14:51  54.2   05:37   2.8   4.4  0.01   0.7  11.0   13:07   ENE
11  62.1  66.5   16:19  54.5   23:59   2.9   0.1  0.40   1.0  17.0   17:35   NNW
12  61.6  71.3   16:05  49.3   05:04   5.0   1.6  0.00   0.8  10.0   09:33    NE
13  52.1  58.9   00:00  47.9   23:48  12.9   0.0  0.13   0.9  17.0   15:15   ENE
14  53.9  61.4   11:44  47.9   00:03  11.1   0.0  0.08   1.0  14.0   16:32    NE
15  62.0  74.0   15:08  49.2   03:37   5.3   2.3  0.00   1.1  12.0   18:51   ENE
16  62.6  64.2   00:00  60.3   06:05   2.4   0.0  0.20   0.2  11.0   01:59    NE
17  63.5  71.9   17:09  53.5   05:29   3.3   1.8  0.00   0.6  10.0   14:39     N
18  63.4  68.8   16:25  57.5   05:43   2.6   1.1  0.00   0.1   6.0   11:59    NE
19  66.5  75.5   14:32  57.7   03:46   2.1   3.6  0.02   0.3   8.0   14:05    NE
20  64.3  67.8   17:58  61.1   23:42   1.1   0.4  0.88   0.3   8.0   21:13    NE
21  60.7  66.2   17:51  56.3   23:53   4.3   0.0  0.06   1.1  18.0   21:57    NW
22  63.0  70.6   15:03  52.7   05:45   3.7   1.7  0.00   1.4  17.0   13:09   WNW
23  67.5  76.8   16:44  55.4   05:15   2.0   4.5  0.00   1.4  13.0   11:04    NW
24  68.8  77.4   15:08  58.5   05:16   1.2   4.9  0.00   0.5   8.0   01:23   NNW
25  61.9  64.4   00:00  58.3   05:26   3.1   0.0  0.92   0.1   6.0   13:33   NNE
26  68.7  76.1   15:31  60.6   06:07   0.9   4.6  0.00   0.3   8.0   10:52   NNE
27  70.4  79.1   15:25  59.9   05:45   0.8   6.2  0.00   0.4   9.0   10:03    NW
28  72.4  81.6   14:44  61.5   04:36   0.3   7.6  0.00   0.4   9.0   12:37   NNW
29  68.5  74.5   17:32  62.0   07:21   0.4   3.9  0.18   0.4  15.0   22:41     N
30  60.7  65.1   15:16  58.3   23:56   4.2   0.0  0.45   0.4  14.0   16:21     N
----------------------------------------------------------------------------------
    62.7  81.6    28    41.5     4   132.1  62.7  4.73   0.7  18.0    21     NNE

Max >=  80.0:  1
Max <=  32.0:  0
Min <=  32.0:  0
Min <=   0.0:  0
Max Rain: 0.92 on day 25
Days of Rain: 14 (>= 0.01 in)  10 (>= 0.10 in)  0 (>= 1.00 in)
Heat Base: 65.0  Cool Base: 65.0  Method: Integration