NOAA-Style Climate Reports


Report for 2019 October
                   Monthly Climatological Summary for Oct 2019

Name: East Unity, NH   City: Unity   State: NH
Elevation: 1384 ft  Lat: N 43° 17' 19"   Lon: W 072° 11' 41"

                  Temperature (°F), Rain (in), Wind Speed (mph)

                                      Heat  Cool        Avg
    Mean                              Deg   Deg         Wind                 Dom
Day Temp  High   Time   Low    Time   Days  Days  Rain  Speed High   Time    Dir
----------------------------------------------------------------------------------
 1  58.5  64.7   17:03  53.0   03:25   6.5   0.0  0.02   0.5   8.0   05:39    NE
 2  57.8  65.2   05:48  42.6   23:53   7.2   0.0  0.21   0.8  15.0   19:47   NNE
 3  43.2  46.3   14:36  41.1   05:42  21.8   0.0  0.06   0.3   5.0   12:51    NE
 4  44.2  47.2   15:16  37.1   23:48  20.7   0.0  0.01   1.7  18.0   12:09   NNW
 5  41.3  49.8   15:22  34.1   07:34  23.7   0.0  0.00   0.4   8.0   10:21   NNE
 6  47.5  59.4   23:57  35.8   06:30  17.5   0.0  0.00   1.1  12.0   18:17    NE
 7  58.1  61.2   12:51  53.3   23:46   6.9   0.0  0.55   1.0  13.0   05:14    NE
 8  52.0  57.5   15:19  46.8   23:57  13.0   0.0  0.09   0.6  12.0   10:44   NNE
 9  48.6  56.6   12:03  41.9   07:28  16.4   0.0  0.00   1.7  15.0   10:53    NE
10  50.1  56.3   13:43  43.5   07:54  14.8   0.0  0.00   2.4  19.0   09:39    NE
11  51.2  58.9   13:53  43.3   07:34  13.8   0.0  0.00   3.5  21.0   13:30   ENE
12  51.8  57.9   16:15  47.8   04:58  13.2   0.0  0.00   1.5  14.0   01:55   ENE
13  52.2  58.2   15:06  46.9   23:58  12.8   0.0  0.00   0.5   8.0   04:19   NNW
14  52.1  62.1   13:52  41.9   07:35  12.9   0.0  0.00   0.5  14.0   13:22   NNE
15  46.7  53.4   15:14  39.0   07:22  18.2   0.0  0.00   0.5  10.0   01:51   NNW
16  47.6  56.4   13:28  39.8   04:01  17.4   0.0  0.35   1.3  26.0   23:52     E
17  43.9  49.9   02:32  39.6   17:17  21.0   0.0  0.82   3.3  37.0   01:47    NE
18  43.7  46.7   14:47  41.0   23:54  21.3   0.0  0.00   2.0  18.0   06:51   NNW
19  42.7  51.1   15:39  35.0   07:19  22.3   0.0  0.00   1.1  11.0   01:59     N
20  44.5  56.4   14:18  34.3   05:22  20.5   0.0  0.05   0.3   8.0   12:01   ENE
21  46.2  55.8   15:54  38.2   06:27  18.8   0.0  0.01   0.3   7.0   12:09   ENE
22  49.4  55.7   13:56  44.2   02:42  15.6   0.0  0.02   1.5  16.0   11:27   ESE
23  50.6  56.2   12:49  44.2   23:31  14.4   0.0  0.44   1.2  18.0   16:03   NNW
24  49.3  61.3   14:27  38.9   06:50  15.7   0.0  0.00   0.9  12.0   13:02    SE
25  48.3  53.1   15:11  44.2   23:57  16.7   0.0  0.11   0.2   7.0   04:29   NNW
26  44.3  50.0   14:10  39.5   23:16  20.7   0.0  0.06   0.5  10.0   14:05   NNE
27  42.0  42.8   13:44  39.7   00:00  23.0   0.0  1.20   0.5  15.0   12:55     E
28  46.5  52.7   15:07  42.5   00:00  18.5   0.0  0.00   0.1   6.0   16:10   ESE
29  48.3  52.8   14:05  45.1   04:34  16.7   0.0  0.02   0.2   8.0   13:01     E
30  53.4  57.5   13:49  49.5   01:57  11.6   0.0  0.02   0.0   4.0   11:01   ---
31  60.6  66.0   23:54  54.7   00:00   4.5   0.1  0.38   1.8  18.0   17:38     E
----------------------------------------------------------------------------------
    48.9  66.0    31    34.1     5   498.1   0.1  4.42   1.0  37.0    17      NE

Max >=  80.0:  0
Max <=  32.0:  0
Min <=  32.0:  0
Min <=   0.0:  0
Max Rain: 1.20 on day 27
Days of Rain: 18 (>= 0.01 in)  8 (>= 0.10 in)  1 (>= 1.00 in)
Heat Base: 65.0  Cool Base: 65.0  Method: Integration