NOAA-Style Climate Reports


Report for 2019 November
                   Monthly Climatological Summary for Nov 2019

Name: East Unity, NH   City: Unity   State: NH
Elevation: 1384 ft  Lat: N 43° 17' 19"   Lon: W 072° 11' 41"

                  Temperature (°F), Rain (in), Wind Speed (mph)

                                      Heat  Cool        Avg
    Mean                              Deg   Deg         Wind                 Dom
Day Temp  High   Time   Low    Time   Days  Days  Rain  Speed High   Time    Dir
----------------------------------------------------------------------------------
 1  44.9  66.1   00:25  32.9   23:49  20.2   0.1  0.41   3.8  29.0   10:24   NNW
 2  34.9  46.2   14:35  28.7   07:29  30.1   0.0  0.00   0.6  11.0   00:02    NE
 3  36.2  46.0   12:52  28.7   05:58  30.0   0.0  0.00   0.9  14.0   11:01    NW
 4  37.6  46.4   14:20  28.6   05:44  27.4   0.0  0.00   0.7  11.0   12:21   ENE
 5  44.9  52.8   11:22  38.9   23:59  20.1   0.0  0.02   0.8  16.0   22:08    NE
 6  35.6  42.8   13:07  29.7   21:33  29.4   0.0  0.00   1.2  21.0   10:45    NW
 7  34.9  40.6   09:25  28.8   23:47  30.1   0.0  0.15   0.5  10.0   17:56   NNW
 8  23.3  28.8   00:00  19.0   22:33  41.7   0.0  0.00   2.5  20.0   13:20    NW
 9  24.4  32.1   13:19  16.9   06:34  40.6   0.0  0.00   0.6  11.0   03:13   SSE
10  33.6  41.1   13:31  26.5   07:27  31.4   0.0  0.00   0.7  10.0   01:13     S
11  33.9  37.7   07:02  30.8   18:15  31.0   0.0  0.00   0.5   8.0   08:16    NE
12  24.9  32.6   08:00  13.0   23:52  40.1   0.0  0.16   1.2  16.0   22:23    NW
13  13.0  18.6   14:45   6.9   06:40  52.0   0.0  0.00   1.6  19.0   03:18    NW
14  21.7  29.1   18:16  12.1   05:58  43.2   0.0  0.00   0.6   8.0   15:20    NE
15  31.7  39.6   13:43  24.4   07:08  33.3   0.0  0.00   2.0  25.0   18:10   NNW
16  18.7  27.6   00:00  12.6   23:54  46.1   0.0  0.00   2.2  20.0   01:54   NNW
17  21.3  30.4   13:45   9.4   05:10  43.7   0.0  0.00   0.7  11.0   13:01     E
18  31.4  37.8   13:50  27.8   00:47  33.6   0.0  0.00   1.5  13.0   08:59    NE
19  33.3  34.8   12:20  32.2   00:04  31.7   0.0  0.48   0.0   3.0   19:36   ---
20  32.0  33.0   00:00  30.5   22:55  33.0   0.0  0.08   0.0   5.0   11:37   NNW
21  31.2  34.2   14:32  27.7   07:39  33.8   0.0  0.02   0.1   6.0   10:35    NW
22  34.2  37.9   12:55  27.1   23:44  30.8   0.0  0.00   1.8  23.0   19:46    NW
23  27.6  34.0   13:36  22.9   06:24  37.4   0.0  0.00   1.5  22.0   01:31    NW
24  31.9  33.7   14:26  26.4   00:00  33.1   0.0  0.63   1.4  19.0   13:04    NE
25  34.1  37.8   13:51  30.1   02:45  30.9   0.0  0.04   0.3  12.0   10:43    NW
26  38.3  44.8   13:30  31.4   06:33  26.7   0.0  0.00   0.2  14.0   11:27    SW
27  38.8  42.4   12:01  34.1   07:11  26.2   0.0  0.41   0.7  14.0   11:30   ESE
28  32.3  38.8   00:36  26.7   20:24  32.7   0.0  0.30   4.1  25.0   12:46     N
29  26.0  30.3   14:17  19.8   23:56  38.4   0.0  0.00   4.0  20.0   07:26   NNW
30  18.1  24.3   13:51  11.2   23:48  46.9   0.0  0.00   2.7  18.0   09:49   NNW
----------------------------------------------------------------------------------
    30.8  66.1     1     6.9    13  1025.6   0.1  2.70   1.3  29.0     1     NNW

Max >=  80.0:  0
Max <=  32.0:  7
Min <=  32.0: 26
Min <=   0.0:  0
Max Rain: 0.63 on day 24
Days of Rain: 11 (>= 0.01 in)  7 (>= 0.10 in)  0 (>= 1.00 in)
Heat Base: 65.0  Cool Base: 65.0  Method: Integration