NOAA-Style Climate Reports


Report for 2019 December
                   Monthly Climatological Summary for Dec 2019

Name: East Unity, NH   City: Unity   State: NH
Elevation: 1384 ft  Lat: N 43° 17' 19"   Lon: W 072° 11' 41"

                  Temperature (°F), Rain (in), Wind Speed (mph)

                                      Heat  Cool        Avg
    Mean                              Deg   Deg         Wind                 Dom
Day Temp  High   Time   Low    Time   Days  Days  Rain  Speed High   Time    Dir
----------------------------------------------------------------------------------
 1  17.9  26.3   14:08   8.9   06:08  47.0   0.0  0.18   0.5  11.0   22:46   ENE
 2  25.4  28.5   12:01  22.8   01:21  39.6   0.0  0.14   3.8  22.0   13:18   ENE
 3  24.2  29.5   15:10  20.6   23:33  40.8   0.0  0.17   2.6  25.0   14:22   NNW
 4  27.6  34.2   13:42  20.9   00:00  37.4   0.0  0.00   0.2   9.0   00:51    NW
 5  27.7  34.5   12:49  20.7   23:37  37.0   0.0  0.01   1.7  19.0   11:17    NW
 6  23.3  27.0   13:04  16.0   06:32  41.7   0.0  0.10   0.5  14.0   01:32    NW
 7  17.8  23.9   13:40  12.5   23:59  47.2   0.0  0.00   0.7  12.0   12:01   NNW
 8  19.2  28.0   23:55   9.6   06:52  45.8   0.0  0.00   0.8  12.0   21:43   SSW
 9  37.5  45.3   23:14  27.9   00:18  27.4   0.0  0.60   0.4  18.0   18:42    SE
10  41.8  47.1   11:47  31.5   23:42  23.2   0.0  0.01   0.8  16.0   16:41    NE
11  25.1  31.5   00:00  20.4   19:59  39.8   0.0  0.00   2.0  22.0   23:39   NNW
12  19.4  23.4   13:28  14.4   07:17  45.6   0.0  0.00   1.5  20.0   00:09    NW
13  27.1  33.2   22:52  20.7   00:00  37.9   0.0  0.05   0.2  10.0   22:16    NW
14  41.3  50.1   20:35  32.7   00:01  23.6   0.0  1.08   0.9  23.0   08:30     E
15  32.2  36.7   10:56  22.8   23:55  32.8   0.0  0.00   3.5  23.0   14:42    NW
16  20.9  24.9   14:33  17.9   06:30  44.1   0.0  0.00   2.3  22.0   01:21    NW
17  22.3  24.2   15:08  19.2   00:18  42.6   0.0  0.14   0.1   5.0   17:12    NE
18  22.0  27.9   13:26  10.7   23:45  42.9   0.0  0.00   1.0  19.0   23:56    NW
19   5.6  10.8   00:00  -0.4   07:39  59.0   0.0  0.00   2.7  19.0   00:25    NW
20  10.1  17.5   15:04   3.6   03:27  54.6   0.0  0.00   2.2  15.0   08:50   NNW
21  15.9  27.7   13:34   5.1   06:08  49.1   0.0  0.00   0.1   8.0   13:37     W
22  24.5  33.2   14:48  15.9   05:46  40.4   0.0  0.00   0.5   8.0   14:34    SE
23  37.3  43.8   14:02  30.2   06:40  27.6   0.0  0.04   1.5  21.0   22:18    NW
24  30.4  39.3   00:00  24.7   23:19  34.4   0.0  0.00   3.3  23.0   02:57   NNW
25  26.5  33.4   13:04  20.7   04:48  38.5   0.0  0.00   0.2   7.0   11:49   ESE
26  29.4  36.1   13:09  24.2   07:48  35.5   0.0  0.02   0.2   7.0   14:09   ESE
27  34.6  40.0   20:09  28.7   00:10  30.3   0.0  0.00   0.3  11.0   14:05    SW
28  34.5  40.2   01:33  26.6   23:06  30.4   0.0  0.00   1.6  19.0   08:48    NW
29  30.5  34.5   14:18  26.7   00:00  34.3   0.0  0.13   1.0  12.0   03:03   NNW
30  26.8  31.9   00:55  23.9   12:10  38.2   0.0  0.77   1.2  20.0   13:22     E
31  28.9  32.4   13:51  24.2   01:12  36.1   0.0  0.08   0.1   7.0   04:53   ENE
----------------------------------------------------------------------------------
    26.1  50.1    14    -0.4    19  1204.8   0.0  3.52   1.2  25.0     3     NNW

Max >=  80.0:  0
Max <=  32.0: 15
Min <=  32.0: 30
Min <=   0.0:  1
Max Rain: 1.08 on day 14
Days of Rain: 15 (>= 0.01 in)  9 (>= 0.10 in)  1 (>= 1.00 in)
Heat Base: 65.0  Cool Base: 65.0  Method: Integration