NOAA-Style Climate Reports


Report for 2020
                   Annual Climatological Summary for 2020

Name: East Unity, NH   City: Unity   State: NH
Elevation: 1384 ft  Lat: N 43° 17' 19"   Lon: W 072° 11' 41"

                  Temperature (°F), Heat Base: 65.0  Cool Base: 65.0
                          Dep.  Heat  Cool                       Max  Max  Min  Min
        Mean  Mean        From  Deg   Deg                        >=   <=   <=   <=
 YR MO  Max   Min   Mean  Norm  Days  Days  Hi  Date  Low  Date 80.0 32.0 32.0   0.0
------------------------------------------------------------------------------------
 20  1  32.3  19.3  26.3   5.7  1193     0  56.0  12  -0.2   18    0   16   29    1
 20  2  33.2  18.6  26.3   2.0  1119     0  50.3  24  -4.3   15    0   11   27    2
 20  3  43.7  27.3  35.0   1.9   927     0  61.8   9   8.7    1    0    1   23    0
 20  4  49.3  32.9  40.7  -4.4   728     0  63.2  25  24.5   22    0    0   12    0
 20  5  65.6  43.7  54.8  -1.0   368    52  87.4  27  28.5    9    4    0    4    0
 20  6  73.3  55.7  64.7  -0.2   114   104  84.8  20  36.3    1    7    0    0    0
 20  7  78.8  63.8  71.0   1.0    15   202  88.6  19  56.4   17   16    0    0    0
 20  8  74.6  59.6  66.9  -1.6    69   126  85.8  11  49.6   27    8    0    0    0
 20  9  68.0  51.2  59.6  -0.4   202    40  80.1   9  35.3   20    1    0    0    0
 20 10  58.8  43.6  50.7   2.5   331     1  70.3  10  32.7   17    0    0    0    0
 20 11
 20 12
------------------------------------------------------------------------------------
        57.8  41.6  49.6   0.6  5070   528  88.6 Jul  -4.3  Feb   36   28   95    3

                                Precipitation (in)

              Dep.   Max        Days of Rain
              From   Obs.           >=
 YR MO Total  Norm   Day Date 0.01 0.10 1.00
---------------------------------------------
 20  1  1.59 -1.11  0.48  25     8    5    0
 20  2  2.26 -0.36  0.73  27     8    6    0
 20  3  1.88 -1.39  0.57  13    12    5    0
 20  4  4.08  0.67  1.06   9    14    8    1
 20  5  1.47 -2.19  0.61   1     9    4    0
 20  6  1.49 -2.20  0.50  29    10    6    0
 20  7  2.23 -1.51  0.64   8    10    7    0
 20  8  2.55 -0.63  0.76   4    13    8    0
 20  9  1.62 -1.76  0.92  30     6    4    0
 20 10  3.38 -0.66  1.16  13     7    4    2
 20 11
 20 12
---------------------------------------------
       22.55-11.14  1.16  Oct   97   57    3

                                Wind Speed (mph)
                          Dom
 YR MO   Avg.  Hi   Date  Dir
------------------------------
 20  1   1.3  31.0   12   NNW
 20  2   1.1  25.0   27   NNW
 20  3   1.8  29.0   14     N
 20  4   2.0  28.0   27   NNE
 20  5   1.7  24.0    9   NNE
 20  6   0.6  18.0    6   NNE
 20  7   0.5  16.0    5   NNE
 20  8   0.5  18.0   21     N
 20  9   0.6  16.0   14     N
 20 10   0.7  24.0    8   NNE
 20 11
 20 12
------------------------------
         1.1  31.0  Jan     N