NOAA-Style Climate Reports


Report for 2020 February
                   Monthly Climatological Summary for Feb 2020

Name: East Unity, NH   City: Unity   State: NH
Elevation: 1384 ft  Lat: N 43° 17' 19"   Lon: W 072° 11' 41"

                  Temperature (°F), Rain (in), Wind Speed (mph)

                                      Heat  Cool        Avg
    Mean                              Deg   Deg         Wind                 Dom
Day Temp  High   Time   Low    Time   Days  Days  Rain  Speed High   Time    Dir
----------------------------------------------------------------------------------
 1  32.3  36.4   14:06  29.6   00:00  32.7   0.0  0.00   0.0   5.0   00:19   NNE
 2  29.2  32.2   13:48  25.8   23:55  35.7   0.0  0.00   0.6  11.0   12:43    NW
 3  31.5  37.5   12:56  24.7   00:43  33.5   0.0  0.00   0.6  11.0   12:41    NW
 4  34.6  40.8   14:09  28.8   03:02  30.2   0.0  0.00   0.5  13.0   22:22   WNW
 5  28.8  35.2   00:00  23.2   22:51  36.0   0.0  0.00   1.9  14.0   09:03   NNW
 6  26.7  30.3   14:40  21.3   04:23  38.1   0.0  0.49   0.3  12.0   10:38     E
 7  27.7  32.3   12:57  15.5   23:58  37.0   0.0  0.44   0.8  14.0   18:44    NE
 8  13.5  18.3   13:22   7.2   23:44  51.4   0.0  0.00   1.3  14.0   10:51    NE
 9  16.0  27.5   14:34   1.8   07:02  48.9   0.0  0.02   0.1   4.0   13:13    NE
10  31.5  33.8   12:45  25.4   00:00  33.5   0.0  0.10   0.1   9.0   07:09     E
11  31.6  34.1   15:40  27.6   04:14  33.4   0.0  0.00   0.1  16.0   22:14    NW
12  29.4  34.5   13:54  24.7   07:29  35.6   0.0  0.01   1.4  17.0   04:44    NW
13  30.9  34.5   14:53  25.2   23:59  34.1   0.0  0.13   0.4  18.0   22:38    NW
14   9.9  25.3   01:01  -1.4   23:32  54.8   0.0  0.00   3.0  18.0   02:47   NNW
15   8.5  20.6   14:19  -4.3   04:28  56.5   0.0  0.00   0.6  10.0   23:55    SW
16  26.2  34.6   14:10  15.1   00:37  38.8   0.0  0.00   0.4   9.0   06:31     S
17  26.6  31.4   10:48  18.4   23:59  38.4   0.0  0.00   1.8  20.0   11:34    NW
18  24.1  31.2   23:55  17.2   02:18  40.8   0.0  0.34   0.9  12.0   04:43   ESE
19  27.6  32.6   03:32  16.7   23:57  37.4   0.0  0.00   3.5  24.0   10:40    NW
20  14.3  22.1   11:29   6.0   06:57  50.7   0.0  0.00   1.5  17.0   11:30    NW
21  13.2  24.2   14:18   1.9   07:16  51.6   0.0  0.00   1.0  10.0   14:43     N
22  24.6  35.2   14:09  14.5   02:29  40.4   0.0  0.00   1.1  17.0   16:19    NW
23  33.7  43.8   13:45  24.9   00:00  31.3   0.0  0.00   0.6  13.0   12:44   NNW
24  38.8  50.3   13:55  27.7   06:28  26.2   0.0  0.00   0.5  12.0   13:35   SSW
25  41.4  49.7   14:07  35.9   06:47  23.6   0.0  0.00   0.5  11.0   09:56    NE
26  38.0  43.1   12:56  34.3   05:23  27.0   0.0  0.00   1.3  12.0   16:40   ESE
27  30.8  38.4   10:15  21.6   23:57  34.0   0.0  0.73   3.3  25.0   07:04   NNE
28  22.3  26.8   15:19  18.5   23:56  42.7   0.0  0.00   1.8  18.0   04:38     N
29  19.5  25.6   10:46  12.5   23:34  45.5   0.0  0.00   1.7  17.0   10:51    NW
----------------------------------------------------------------------------------
    26.3  50.3    24    -4.3    15  1119.8   0.0  2.26   1.1  25.0    27     NNW

Max >=  80.0:  0
Max <=  32.0: 11
Min <=  32.0: 27
Min <=   0.0:  2
Max Rain: 0.73 on day 27
Days of Rain: 8 (>= 0.01 in)  6 (>= 0.10 in)  0 (>= 1.00 in)
Heat Base: 65.0  Cool Base: 65.0  Method: Integration