NOAA-Style Climate Reports


Report for 2020 March
                   Monthly Climatological Summary for Mar 2020

Name: East Unity, NH   City: Unity   State: NH
Elevation: 1384 ft  Lat: N 43° 17' 19"   Lon: W 072° 11' 41"

                  Temperature (°F), Rain (in), Wind Speed (mph)

                                      Heat  Cool        Avg
    Mean                              Deg   Deg         Wind                 Dom
Day Temp  High   Time   Low    Time   Days  Days  Rain  Speed High   Time    Dir
----------------------------------------------------------------------------------
 1  17.1  23.9   15:02   8.7   05:03  47.9   0.0  0.00   1.6  18.0   12:43    NW
 2  33.1  44.9   15:17  17.9   00:00  31.8   0.0  0.01   0.8  18.0   12:01   SSW
 3  44.2  53.8   13:46  37.9   05:50  20.8   0.0  0.08   0.4   8.0   09:05   WNW
 4  36.3  41.3   00:00  31.7   23:53  28.8   0.0  0.01   3.0  25.0   07:26    NW
 5  34.6  42.4   13:39  29.0   23:44  30.4   0.0  0.00   2.4  17.0   03:46    NW
 6  32.4  43.6   12:40  25.7   06:34  32.6   0.0  0.00   2.6  18.0   14:09   ENE
 7  27.8  33.6   15:01  20.2   07:05  37.2   0.0  0.00   4.1  19.0   02:48     N
 8  33.4  44.7   14:18  21.4   06:00  30.2   0.0  0.00   1.1  15.0   14:13   NNW
 9  47.6  61.8   14:34  34.8   06:31  17.4   0.0  0.00   1.1  12.0   10:56     S
10  50.0  57.6   13:20  42.9   07:16  15.0   0.0  0.00   0.9  13.0   15:43    SE
11  35.7  47.9   00:00  27.9   23:43  29.3   0.0  0.01   2.0  18.0   01:49     N
12  33.7  43.0   16:22  25.7   02:48  31.3   0.0  0.00   0.7  12.0   13:46    SE
13  38.4  46.5   15:22  34.1   23:55  26.6   0.0  0.57   2.5  27.0   22:11   NNW
14  36.8  45.1   13:40  31.4   04:57  28.2   0.0  0.00   3.9  29.0   07:05    NW
15  30.1  37.4   14:03  20.2   23:58  34.9   0.0  0.00   3.6  15.0   07:19     N
16  26.2  40.7   14:12  14.1   07:16  38.8   0.0  0.00   0.9  10.0   15:00   ESE
17  32.6  39.8   16:57  26.9   00:00  32.3   0.0  0.00   1.1  15.0   22:57   NNW
18  38.5  47.4   13:42  28.6   07:02  26.5   0.0  0.00   1.5  14.0   00:20   NNW
19  35.6  39.7   00:04  31.7   06:34  29.3   0.0  0.17   0.5  13.0   17:19   ENE
20  43.8  55.4   15:50  33.8   03:51  21.2   0.0  0.04   1.1  20.0   21:28     N
21  32.1  44.4   00:00  22.5   23:59  32.9   0.0  0.00   4.3  28.0   02:17     N
22  25.1  36.2   14:47  15.2   07:02  39.9   0.0  0.00   1.6  15.0   01:16    NE
23  27.4  32.3   13:08  22.6   03:05  37.6   0.0  0.26   1.8  14.0   22:38   ESE
24  32.2  36.3   13:57  28.4   00:00  32.8   0.0  0.08   2.0  14.0   14:07     N
25  33.3  42.7   14:14  26.7   07:05  31.6   0.0  0.00   1.1  12.0   10:02    SE
26  38.5  53.4   14:33  27.2   07:11  26.5   0.0  0.00   0.8   8.0   09:17   NNE
27  43.6  51.9   14:56  37.0   23:53  21.4   0.0  0.00   3.6  24.0   10:37   NNW
28  41.4  50.8   12:36  28.7   07:17  23.6   0.0  0.00   0.5  11.0   14:18   NNE
29  37.2  40.4   06:57  33.0   22:05  27.8   0.0  0.46   1.9  19.0   20:40   ESE
30  33.7  37.3   14:35  32.3   23:15  31.2   0.0  0.16   1.6  14.0   05:06     E
31  33.5  39.3   16:31  29.3   06:32  31.5   0.0  0.03   0.7   9.0   12:52    NE
----------------------------------------------------------------------------------
    35.0  61.8     9     8.7     1   927.3   0.0  1.88   1.8  29.0    14       N

Max >=  80.0:  0
Max <=  32.0:  1
Min <=  32.0: 23
Min <=   0.0:  0
Max Rain: 0.57 on day 13
Days of Rain: 12 (>= 0.01 in)  5 (>= 0.10 in)  0 (>= 1.00 in)
Heat Base: 65.0  Cool Base: 65.0  Method: Integration