NOAA-Style Climate Reports


Report for 2020 May
                   Monthly Climatological Summary for May 2020

Name: East Unity, NH   City: Unity   State: NH
Elevation: 1384 ft  Lat: N 43° 17' 19"   Lon: W 072° 11' 41"

                  Temperature (°F), Rain (in), Wind Speed (mph)

                                      Heat  Cool        Avg
    Mean                              Deg   Deg         Wind                 Dom
Day Temp  High   Time   Low    Time   Days  Days  Rain  Speed High   Time    Dir
----------------------------------------------------------------------------------
 1  51.6  61.4   15:41  42.3   00:00  13.4   0.0  0.61   1.7  19.0   23:50     N
 2  52.1  64.4   15:32  39.2   05:40  12.9   0.0  0.00   3.7  20.0   08:59     N
 3  61.2  75.1   15:12  50.2   05:50   6.1   2.3  0.00   1.4  16.0   13:30     N
 4  51.3  59.6   11:15  42.0   21:29  13.7   0.0  0.00   3.7  19.0   10:14   NNW
 5  42.2  52.1   15:19  34.7   05:51  22.8   0.0  0.00   3.5  19.0   16:50   NNE
 6  45.2  56.0   14:33  30.6   06:01  19.8   0.0  0.00   0.9  10.0   13:22   ENE
 7  49.4  58.8   17:08  40.5   05:43  15.6   0.0  0.00   2.3  18.0   10:56   NNE
 8  45.2  54.3   15:31  34.6   23:58  19.8   0.0  0.03   2.0  22.0   12:26   NNE
 9  31.5  35.5   14:07  28.5   08:17  33.1   0.0  0.17   2.9  24.0   10:45     N
10  40.0  51.9   16:09  29.6   02:15  25.0   0.0  0.00   2.5  20.0   09:44   NNE
11  44.8  59.5   11:01  36.0   05:29  20.2   0.0  0.20   0.9  16.0   12:17     N
12  39.8  49.7   14:26  33.4   05:47  25.2   0.0  0.01   3.4  20.0   13:47   NNE
13  42.4  53.5   16:30  29.9   05:08  22.6   0.0  0.00   2.9  21.0   12:24   NNE
14  53.3  67.3   15:27  35.7   05:28  11.9   0.2  0.00   1.3  18.0   15:32   NNE
15  61.7  77.0   15:25  50.7   05:41   5.6   2.4  0.31   1.0  23.0   19:38    NE
16  54.0  59.7   15:31  47.9   23:30  11.0   0.0  0.08   2.8  17.0   02:09    NE
17  56.3  66.6   16:53  47.3   00:17   8.8   0.2  0.00   0.6   8.0   15:10   NNE
18  57.2  66.5   17:03  49.4   23:59   7.9   0.1  0.04   0.5   9.0   15:18   ESE
19  54.7  65.7   13:47  41.4   04:55  10.3   0.0  0.00   2.2  19.0   11:23    SE
20  57.6  72.3   14:57  40.5   05:22   9.0   1.5  0.00   1.0  12.0   11:25   ESE
21  61.8  78.2   15:54  42.2   05:02   7.2   3.9  0.00   1.1  11.0   15:03   ENE
22  66.9  82.1   15:17  48.9   05:36   4.2   6.1  0.00   1.3  10.0   12:05    NE
23  62.2  73.8   13:07  45.8   23:58   4.6   1.8  0.00   1.4  11.0   12:24    SE
24  55.1  67.7   16:00  40.4   05:31  10.3   0.4  0.00   1.0  11.0   15:28   ESE
25  56.5  65.8   12:10  43.9   04:42   8.6   0.1  0.00   0.5   8.0   13:25   ESE
26  70.8  83.5   15:58  59.5   05:05   1.9   7.7  0.00   0.5   6.0   12:26   ENE
27  74.6  87.4   14:53  61.5   05:27   0.4  10.0  0.00   0.8   8.0   12:16     E
28  70.0  77.2   12:19  62.2   05:38   0.4   5.4  0.00   1.2  12.0   13:04     E
29  73.5  82.2   15:26  66.8   04:16   0.0   8.5  0.00   1.4  15.0   17:59     E
30  65.6  70.8   16:30  57.0   23:57   1.0   1.6  0.02   1.0  14.0   12:12   NNE
31  50.0  57.0   00:00  41.2   23:23  15.0   0.0  0.00   1.5  18.0   05:38     N
----------------------------------------------------------------------------------
    54.8  87.4    27    28.5     9   368.3  52.2  1.47   1.7  24.0     9     NNE

Max >=  80.0:  4
Max <=  32.0:  0
Min <=  32.0:  4
Min <=   0.0:  0
Max Rain: 0.61 on day 1
Days of Rain: 9 (>= 0.01 in)  4 (>= 0.10 in)  0 (>= 1.00 in)
Heat Base: 65.0  Cool Base: 65.0  Method: Integration