NOAA-Style Climate Reports


Report for 2020 June
                   Monthly Climatological Summary for Jun 2020

Name: East Unity, NH   City: Unity   State: NH
Elevation: 1384 ft  Lat: N 43° 17' 19"   Lon: W 072° 11' 41"

                  Temperature (°F), Rain (in), Wind Speed (mph)

                                      Heat  Cool        Avg
    Mean                              Deg   Deg         Wind                 Dom
Day Temp  High   Time   Low    Time   Days  Days  Rain  Speed High   Time    Dir
----------------------------------------------------------------------------------
 1  47.1  56.7   16:02  36.3   05:08  17.9   0.0  0.00   0.9  13.0   17:50   NNE
 2  51.5  65.0   13:55  39.7   05:40  13.5   0.0  0.00   0.4   9.0   13:45   ENE
 3  59.7  71.2   16:08  50.7   03:25   6.1   0.8  0.02   0.4   9.0   16:01    NE
 4  67.7  79.1   16:40  55.3   04:26   2.7   5.3  0.00   0.6  10.0   12:00   ENE
 5  70.1  78.4   15:39  62.5   06:36   0.3   5.3  0.01   0.3   8.0   13:52     E
 6  67.0  75.2   10:10  54.7   23:57   1.2   3.2  0.21   0.5  18.0   13:47     N
 7  56.2  61.9   13:38  51.7   06:35   8.8   0.0  0.00   1.4  14.0   12:49     N
 8  60.2  69.2   15:34  48.5   05:35   5.7   0.9  0.00   0.9  13.0   16:23     N
 9  61.5  69.1   14:11  56.4   05:47   4.0   0.6  0.00   0.4   8.0   18:38   ENE
10  63.9  72.1   14:36  57.4   04:00   2.9   1.8  0.00   1.1  11.0   09:10     E
11  66.3  75.3   15:40  58.3   04:01   2.1   3.3  0.23   0.5  10.0   15:46     E
12  65.3  74.5   14:24  55.3   23:41   2.9   3.2  0.00   1.1  16.0   16:14    NE
13  53.0  58.6   10:03  45.0   23:55  12.0   0.0  0.00   0.9  12.0   08:43   NNE
14  55.0  63.7   12:14  43.2   01:47  10.0   0.0  0.00   0.7  10.0   17:22    NE
15  59.8  67.0   15:23  51.8   05:25   5.5   0.3  0.00   0.4  11.0   14:40    NE
16  64.3  74.6   15:39  50.4   05:41   4.5   3.8  0.00   0.6  12.0   11:59    NE
17  68.5  80.7   14:57  53.6   04:19   3.1   6.6  0.00   0.5   8.0   11:24     N
18  71.9  83.3   13:26  58.0   05:11   1.5   8.4  0.00   0.5   8.0   15:23   NNE
19  73.2  81.8   14:40  63.1   05:04   0.2   8.3  0.00   0.4   7.0   09:17     N
20  72.5  84.8   13:58  63.2   04:50   0.2   7.6  0.14   0.2  10.0   15:13     N
21  74.9  84.4   14:13  64.5   05:12   0.0   9.9  0.00   0.4  13.0   18:41     N
22  71.3  81.5   13:39  66.1   07:02   0.0   6.3  0.14   0.3   9.0   13:27    NE
23  73.8  81.9   13:54  65.6   04:06   0.0   8.8  0.00   0.4   8.0   11:47    NE
24  69.1  75.1   15:15  62.3   23:58   0.2   4.3  0.05   0.6   9.0   14:49     N
25  67.8  75.9   16:38  57.7   05:45   1.6   4.4  0.00   0.7  10.0   12:38   NNE
26  68.7  77.6   15:19  59.9   05:58   0.9   4.6  0.00   0.4  12.0   15:18   NNW
27  66.1  72.1   14:12  59.7   05:21   1.1   2.2  0.00   0.1   6.0   14:41    NE
28  67.7  75.2   14:48  60.0   05:31   1.2   3.9  0.06   0.2   9.0   21:27   NNE
29  63.7  67.3   14:41  61.0   23:59   1.6   0.3  0.50   1.0  12.0   12:48    NE
30  62.7  66.7   13:28  60.3   02:48   2.4   0.1  0.13   0.5  13.0   13:49    NE
----------------------------------------------------------------------------------
    64.7  84.8    20    36.3     1   114.1 104.2  1.49   0.6  18.0     6     NNE

Max >=  80.0:  7
Max <=  32.0:  0
Min <=  32.0:  0
Min <=   0.0:  0
Max Rain: 0.50 on day 29
Days of Rain: 10 (>= 0.01 in)  6 (>= 0.10 in)  0 (>= 1.00 in)
Heat Base: 65.0  Cool Base: 65.0  Method: Integration