NOAA-Style Climate Reports


Report for 2020 July
                   Monthly Climatological Summary for Jul 2020

Name: East Unity, NH   City: Unity   State: NH
Elevation: 1384 ft  Lat: N 43° 17' 19"   Lon: W 072° 11' 41"

                  Temperature (°F), Rain (in), Wind Speed (mph)

                                      Heat  Cool        Avg
    Mean                              Deg   Deg         Wind                 Dom
Day Temp  High   Time   Low    Time   Days  Days  Rain  Speed High   Time    Dir
----------------------------------------------------------------------------------
 1  64.7  68.2   14:10  61.7   03:30   1.1   0.8  0.38   0.2  11.0   15:17   NNE
 2  71.8  80.9   15:09  62.1   06:11   0.5   7.3  0.00   0.3  10.0   20:38   WNW
 3  69.2  74.2   00:00  63.0   23:58   0.1   4.3  0.00   0.4  10.0   08:37    NE
 4  70.2  79.6   15:20  61.2   02:29   1.0   6.2  0.00   0.6  11.0   12:11   NNE
 5  71.1  80.3   15:18  62.0   23:52   0.5   6.5  0.25   0.3  16.0   20:19   NNW
 6  67.8  76.1   14:30  58.4   05:51   1.5   4.3  0.01   0.4   9.0   12:47    NE
 7  69.7  77.7   14:10  61.1   02:00   0.8   5.5  0.00   0.7  10.0   14:18    NE
 8  70.7  81.6   13:49  66.3   05:43   0.0   5.7  0.64   0.7   9.0   12:24    NE
 9  73.8  82.4   14:22  66.2   02:05   0.0   8.8  0.00   0.1   4.0   02:54   NNW
10  75.4  83.5   11:41  69.3   05:51   0.0  10.4  0.00   0.6  10.0   17:03    NE
11  73.3  79.5   13:53  69.2   05:54   0.0   8.3  0.29   1.0  10.0   11:03   NNE
12  73.5  80.2   14:30  68.5   05:53   0.0   8.5  0.00   1.0  11.0   12:48   NNE
13  72.5  79.5   15:28  66.8   05:29   0.0   7.5  0.00   0.2   8.0   10:40   NNW
14  65.7  70.1   18:05  59.9   07:27   0.8   1.5  0.21   0.5  11.0   18:46     N
15  65.7  72.3   14:56  60.8   01:08   1.5   2.2  0.00   0.3   7.0   10:11   NNE
16  66.2  73.1   14:52  60.9   05:41   1.3   2.5  0.00   0.5   8.0   10:58   NNE
17  62.9  70.3   17:44  56.4   07:00   3.2   1.1  0.00   0.6  10.0   12:57   NNE
18  73.2  82.9   14:21  63.1   05:54   0.3   8.6  0.00   0.3   8.0   13:37   NNW
19  77.3  88.6   15:20  66.9   06:10   0.0  12.3  0.00   0.5  11.0   15:44    NE
20  76.9  84.8   14:14  70.2   23:57   0.0  11.9  0.00   0.6  10.0   09:52     N
21  73.4  80.7   15:01  64.8   06:00   0.0   8.4  0.00   0.5   9.0   09:55   NNW
22  66.9  71.9   16:35  63.1   10:21   0.3   2.2  0.01   0.1   7.0   14:14   NNE
23  69.0  77.3   16:03  64.4   02:43   0.1   4.1  0.30   0.2  10.0   16:37    NE
24  69.2  74.8   16:52  62.9   05:36   0.3   4.4  0.00   0.5   9.0   10:18   NNE
25  72.1  80.1   13:53  63.5   04:22   0.2   7.2  0.00   0.3   9.0   17:47     N
26  74.0  83.7   14:09  64.3   04:39   0.1   9.0  0.00   0.6  15.0   12:04     N
27  78.4  87.5   15:02  69.5   05:38   0.0  13.4  0.00   0.5  11.0   11:41   NNE
28  73.7  80.1   08:50  65.7   23:54   0.0   8.7  0.12   0.3  10.0   15:35     N
29  72.5  82.0   14:45  62.0   04:42   0.5   8.0  0.00   0.4  10.0   10:13   NNE
30  70.7  80.1   14:32  62.9   04:05   0.3   6.0  0.02   0.4   9.0   13:57     N
31  71.0  79.3   15:43  60.6   05:49   0.8   6.8  0.00   0.5   9.0   11:15   NNE
----------------------------------------------------------------------------------
    71.0  88.6    19    56.4    17    15.2 202.4  2.23   0.5  16.0     5     NNE

Max >=  80.0: 16
Max <=  32.0:  0
Min <=  32.0:  0
Min <=   0.0:  0
Max Rain: 0.64 on day 8
Days of Rain: 10 (>= 0.01 in)  7 (>= 0.10 in)  0 (>= 1.00 in)
Heat Base: 65.0  Cool Base: 65.0  Method: Integration