NOAA-Style Climate Reports


Report for 2020 August
                   Monthly Climatological Summary for Aug 2020

Name: East Unity, NH   City: Unity   State: NH
Elevation: 1384 ft  Lat: N 43° 17' 19"   Lon: W 072° 11' 41"

                  Temperature (°F), Rain (in), Wind Speed (mph)

                                      Heat  Cool        Avg
    Mean                              Deg   Deg         Wind                 Dom
Day Temp  High   Time   Low    Time   Days  Days  Rain  Speed High   Time    Dir
----------------------------------------------------------------------------------
 1  72.9  81.0   14:55  62.0   06:10   0.3   8.2  0.00   0.4  10.0   14:20   NNE
 2  70.7  75.8   15:11  67.0   03:02   0.0   5.7  0.12   0.4   8.0   11:29   NNE
 3  72.3  77.5   16:08  67.6   23:56   0.0   7.3  0.05   0.8  14.0   12:16   NNE
 4  66.9  70.8   17:51  64.0   00:00   0.0   1.9  0.76   1.0  17.0   16:57    NE
 5  67.2  75.0   15:25  60.4   00:00   1.2   3.3  0.01   0.6  14.0   17:05   NNE
 6  64.6  72.7   16:07  57.2   06:00   2.4   2.0  0.00   0.4  12.0   10:32   NNW
 7  66.7  75.5   14:16  57.5   07:32   2.3   4.0  0.00   0.1   8.0   15:52   NNE
 8  69.1  77.3   15:10  63.6   10:12   0.3   4.4  0.00   0.1   5.0   10:05     N
 9  72.7  80.6   14:45  64.2   04:31   0.1   7.8  0.00   0.2   8.0   11:27     N
10  74.8  83.2   13:54  66.2   06:27   0.0   9.8  0.00   0.3  12.0   10:55    NW
11  76.2  85.8   14:51  66.4   05:56   0.0  11.3  0.00   0.4   8.0   17:31    NE
12  74.5  82.6   14:54  67.5   06:27   0.0   9.5  0.00   0.4  13.0   15:14    NW
13  72.7  80.1   10:13  63.0   05:55   0.2   7.9  0.00   0.3   9.0   10:14     N
14  72.0  79.3   13:16  63.3   06:06   0.1   7.1  0.00   0.3   8.0   10:57   NNE
15  66.7  71.6   14:41  61.1   06:41   0.7   2.4  0.00   1.0  12.0   08:51   NNE
16  63.2  68.8   15:39  59.3   03:00   2.4   0.6  0.00   0.6  16.0   14:25    NE
17  67.2  76.2   14:40  58.4   06:43   1.9   4.1  0.00   0.4   7.0   08:56   NNE
18  65.2  74.0   14:34  59.1   23:58   1.9   2.1  0.10   0.5  12.0   16:29   NNW
19  61.2  70.3   13:40  54.8   04:52   4.6   0.7  0.07   0.3  11.0   14:50    NW
20  61.8  70.1   15:37  53.1   06:29   4.3   1.1  0.00   0.6  10.0   11:21    NW
21  65.8  80.5   14:32  55.0   06:38   3.3   4.1  0.05   0.6  18.0   17:27   NNW
22  67.2  76.3   15:12  60.1   06:39   1.3   3.5  0.19   0.4   7.0   13:26   NNW
23  70.5  82.0   15:29  59.5   06:25   1.3   6.8  0.25   0.4   9.0   14:55   NNW
24  70.6  79.9   14:09  63.6   03:52   0.2   5.9  0.01   0.1   6.0   12:28    NW
25  68.4  79.3   14:56  58.5   23:55   0.8   4.2  0.39   0.8  16.0   14:02    NW
26  57.4  63.6   15:43  51.1   07:00   7.6   0.0  0.00   1.5  15.0   15:54   WNW
27  54.3  57.1   17:27  49.6   05:41  10.7   0.0  0.10   0.0   3.0   00:03   ---
28  60.6  67.8   15:09  54.7   00:29   4.8   0.4  0.00   0.2   8.0   11:24   NNW
29  61.0  67.5   21:21  56.0   08:51   4.3   0.3  0.45   0.1  10.0   06:43   NNE
30  59.1  64.1   00:00  53.7   23:59   5.9   0.0  0.00   1.3  16.0   13:42    NW
31  59.1  67.4   13:30  49.9   06:20   6.4   0.5  0.00   0.2   6.0   10:05   NNE
----------------------------------------------------------------------------------
    66.9  85.8    11    49.6    27    69.3 126.9  2.55   0.5  18.0    21       N

Max >=  80.0:  8
Max <=  32.0:  0
Min <=  32.0:  0
Min <=   0.0:  0
Max Rain: 0.76 on day 4
Days of Rain: 13 (>= 0.01 in)  8 (>= 0.10 in)  0 (>= 1.00 in)
Heat Base: 65.0  Cool Base: 65.0  Method: Integration