NOAA-Style Climate Reports


Report for 2020 November
                   Monthly Climatological Summary for Nov 2020

Name: East Unity, NH   City: Unity   State: NH
Elevation: 1384 ft  Lat: N 43° 17' 19"   Lon: W 072° 11' 41"

                  Temperature (°F), Rain (in), Wind Speed (mph)

                                      Heat  Cool        Avg
    Mean                              Deg   Deg         Wind                 Dom
Day Temp  High   Time   Low    Time   Days  Days  Rain  Speed High   Time    Dir
----------------------------------------------------------------------------------
 1  36.7  44.2   15:32  25.8   00:40  29.4   0.0  0.01   0.7  16.0   20:46    NW
 2  30.5  36.3   00:00  27.0   17:42  34.4   0.0  0.00   2.4  24.0   13:44   NNW
 3  28.7  31.9   03:47  24.4   20:45  36.2   0.0  0.04   1.9  19.0   12:27     N
 4  35.9  44.6   13:23  26.2   00:00  29.1   0.0  0.00   0.4  12.0   09:37     S
 5  49.3  62.1   13:26  38.4   06:30  15.7   0.0  0.00   0.6  10.0   13:11   SSW
 6  53.5  64.6   13:21  47.3   04:44  11.5   0.0  0.00   0.4  11.0   13:33   WSW
 7  56.3  68.1   13:30  49.0   06:14   8.8   0.2  0.00   0.3  11.0   11:57   NNE
 8  58.5  67.9   13:28  51.8   01:18   6.7   0.2  0.00   0.2   6.0   12:09   WSW
 9  56.4  66.8   13:24  48.8   08:18   8.7   0.1  0.00   0.2   6.0   10:34   ENE
10  56.7  67.7   13:28  46.7   06:47   8.5   0.2  0.00   0.2   9.0   11:05    SW
11  60.3  67.3   12:19  52.8   01:57   4.9   0.2  0.00   0.8  11.0   12:26    SE
12  47.2  62.7   00:00  32.5   23:59  17.8   0.0  0.00   1.3  14.0   13:23     N
13  34.2  37.8   15:22  30.3   02:22  30.8   0.0  0.00   0.1   7.0   09:18   ENE
14  34.6  39.1   11:57  28.8   23:41  30.2   0.0  0.00   0.9  12.0   08:25   NNW
15  33.5  43.8   22:49  24.4   06:31  31.5   0.0  0.57   1.0  21.0   22:05    SE
16  38.4  42.3   00:00  33.4   06:44  26.6   0.0  0.00   1.2  19.0   09:22     N
17  33.3  39.1   13:22  26.5   23:57  31.7   0.0  0.00   1.0  13.0   21:28     N
18  20.7  26.5   00:00  15.3   23:12  44.3   0.0  0.00   2.4  18.0   11:30     N
19  27.0  36.2   15:02  14.7   01:32  38.0   0.0  0.00   0.5  13.0   11:19   SSW
20  42.2  50.5   13:26  34.7   00:04  22.8   0.0  0.00   0.6   9.0   01:06   SSE
21  43.3  48.8   11:00  31.4   23:49  21.7   0.0  0.00   1.7  13.0   10:36     N
22  31.4  37.4   23:54  25.7   07:05  33.6   0.0  0.00   1.1  12.0   17:28   SSE
23  37.4  42.5   06:51  30.1   22:58  27.6   0.0  0.30   2.2  23.0   13:02   NNW
24  28.7  32.6   13:48  19.3   23:52  36.3   0.0  0.00   2.3  21.0   08:12     N
25  29.9  36.8   23:58  19.3   00:00  35.1   0.0  0.07   0.1  10.0   11:01   SSE
26  38.1  41.7   23:50  34.9   07:07  26.9   0.0  0.43   0.0   4.0   11:58     E
27  43.7  47.0   08:31  39.4   23:51  21.3   0.0  0.00   0.2  10.0   13:28   NNW
28  37.7  43.1   10:53  30.1   23:58  27.3   0.0  0.06   0.4  16.0   15:31   NNW
29  33.9  41.0   14:39  28.5   07:01  31.1   0.0  0.00   0.5   8.0   02:39     S
30  42.6  58.1   23:53  32.1   02:28  22.4   0.0  2.43   1.0  16.0   15:22    SE
----------------------------------------------------------------------------------
    40.0  68.1     7    14.7    19   750.9   0.9  3.91   0.9  24.0     2       N

Max >=  80.0:  0
Max <=  32.0:  2
Min <=  32.0: 17
Min <=   0.0:  0
Max Rain: 2.43 on day 30
Days of Rain: 8 (>= 0.01 in)  4 (>= 0.10 in)  1 (>= 1.00 in)
Heat Base: 65.0  Cool Base: 65.0  Method: Integration