NOAA-Style Climate Reports


Report for 2020 December
                   Monthly Climatological Summary for Dec 2020

Name: East Unity, NH   City: Unity   State: NH
Elevation: 1384 ft  Lat: N 43° 17' 19"   Lon: W 072° 11' 41"

                  Temperature (°F), Rain (in), Wind Speed (mph)

                                      Heat  Cool        Avg
    Mean                              Deg   Deg         Wind                 Dom
Day Temp  High   Time   Low    Time   Days  Days  Rain  Speed High   Time    Dir
----------------------------------------------------------------------------------
 1  50.4  58.3   00:12  33.4   23:56  14.6   0.0  0.00   1.3  17.0   13:36     S
 2  31.8  35.4   11:59  29.2   03:45  33.2   0.0  0.00   0.6  24.0   22:20   NNW
 3  31.5  39.3   13:50  24.2   04:25  33.5   0.0  0.00   0.1  11.0   10:02     W
 4  37.8  46.2   13:47  31.1   00:21  27.0   0.0  0.00   0.2  11.0   14:10   NNE
 5  33.3  37.0   00:00  27.9   23:54  31.7   0.0  0.37   0.2   9.0   12:12   ENE
 6  24.8  27.9   00:00  20.4   23:52  40.1   0.0  0.01   0.0   0.0   00:00   ---
 7  21.5  24.2   13:10  19.4   03:19  43.3   0.0  0.00   0.0   0.0   00:00   ---
 8  21.2  23.2   14:27  19.9   05:03  43.3   0.0  0.00   0.9  14.0   19:35     N
 9  24.6  29.0   15:01  19.4   03:42  40.4   0.0  0.02   0.1   5.0   09:27   ENE
10  31.3  34.8   12:23  27.6   00:00  33.7   0.0  0.00   1.3  15.0   12:30   NNW
11  31.2  37.4   13:08  23.8   07:46  33.8   0.0  0.00   0.2   8.0   14:33     W
12  34.9  37.4   13:55  31.8   08:00  30.1   0.0  0.00   0.7  12.0   13:19   ESE
13  37.0  41.8   12:57  30.2   23:21  27.9   0.0  0.03   0.4  16.0   15:09   NNW
14  30.8  33.9   12:04  28.6   23:44  34.2   0.0  0.00   1.0  13.0   21:00   NNW
15  21.3  28.8   00:00  10.1   23:55  43.5   0.0  0.00   2.5  21.0   01:46     N
16  12.7  17.8   14:29   5.3   07:43  52.3   0.0  0.00   0.3  13.0   22:33     E
17  15.0  18.4   14:00  12.5   02:35  49.0   0.0  0.85   3.1  20.0   02:20   ENE
18  13.8  17.5   14:58   9.1   08:23  51.1   0.0  0.02   0.1   9.0   12:55     N
19  15.1  23.6   14:55   6.4   07:00  49.8   0.0  0.00   0.0   2.0   11:28   ---
20  24.5  29.4   23:47  17.9   06:40  40.4   0.0  0.01   0.0   9.0   14:19    SW
21  30.8  34.2   13:17  28.5   05:18  34.1   0.0  0.00   0.1   8.0   21:50   WNW
22  30.4  35.0   12:31  26.1   06:13  34.4   0.0  0.00   0.9  21.0   13:56     N
23  25.8  29.3   00:27  19.9   08:31  38.9   0.0  0.00   0.7  17.0   01:16   NNW
24  40.6  46.1   23:12  28.9   00:00  24.3   0.0  0.00   1.3  19.0   08:54   SSE
25  46.9  53.0   09:58  34.6   23:57  18.0   0.0  1.25   1.2  15.0   03:42   SSE
26  25.4  34.6   00:00  20.6   23:34  39.5   0.0  0.00   1.3  14.0   10:56     N
27  25.0  30.9   14:18  20.7   00:00  39.9   0.0  0.00   0.1  10.0   14:21   NNW
28  32.3  36.9   14:42  24.8   00:00  32.7   0.0  0.00   1.5  16.0   10:27   ESE
29  23.5  32.7   00:17  14.4   23:55  41.0   0.0  0.00   2.3  23.0   09:22   NNW
30  22.6  31.1   23:59  12.6   01:04  42.1   0.0  0.00   0.5  10.0   15:41   SSW
31  32.1  35.2   10:50  26.9   23:45  32.8   0.0  0.00   1.4  16.0   12:12   NNW
----------------------------------------------------------------------------------
    28.4  58.3     1     5.3    16  1130.6   0.0  2.56   0.8  24.0     2     NNE

Max >=  80.0:  0
Max <=  32.0: 13
Min <=  32.0: 29
Min <=   0.0:  0
Max Rain: 1.25 on day 25
Days of Rain: 8 (>= 0.01 in)  3 (>= 0.10 in)  1 (>= 1.00 in)
Heat Base: 65.0  Cool Base: 65.0  Method: Integration