NOAA-Style Climate Reports


Report for 2021 May
                   Monthly Climatological Summary for May 2021

Name: East Unity, NH   City: Unity   State: NH
Elevation: 1384 ft  Lat: N 43° 17' 19"   Lon: W 072° 11' 41"

                  Temperature (°F), Rain (in), Wind Speed (mph)

                                      Heat  Cool        Avg
    Mean                              Deg   Deg         Wind                 Dom
Day Temp  High   Time   Low    Time   Days  Days  Rain  Speed High   Time    Dir
----------------------------------------------------------------------------------
 1  41.1  51.5   16:34  34.2   02:50  23.9   0.0  0.01   1.5  19.0   14:55   NNE
 2  53.3  65.9   12:07  40.5   05:51  11.7   0.0  0.00   1.1  19.0   12:57   NNE
 3  54.6  61.6   12:15  48.6   23:58  10.4   0.0  0.00   0.9  12.0   16:28     E
 4  49.0  55.8   17:14  43.8   04:31  16.0   0.0  0.14   0.4  11.0   10:40    SE
 5  46.5  50.0   00:04  42.9   02:53  18.5   0.0  1.36   0.2   8.0   23:39     E
 6  48.0  55.8   16:05  41.0   05:47  16.6   0.0  0.00   2.6  18.0   10:23   NNE
 7  49.7  61.9   13:54  36.8   05:57  15.3   0.0  0.00   0.5  12.0   09:49    SE
 8  47.4  56.2   13:24  39.7   05:41  17.6   0.0  0.00   0.2   9.0   11:36     E
 9  48.6  56.7   16:27  38.4   05:07  16.3   0.0  0.00   0.6  13.0   10:10    NE
10  50.0  59.3   12:02  42.7   05:13  15.0   0.0  0.12   0.3  10.0   23:20   ENE
11  47.0  55.2   14:47  38.9   05:58  18.0   0.0  0.00   1.1  17.0   16:14    NE
12  48.2  57.8   13:50  37.5   02:56  16.7   0.0  0.01   1.4  18.0   14:12   NNE
13  55.5  65.4   13:59  44.0   04:40   9.5   0.0  0.00   0.9  15.0   12:12    NE
14  59.4  69.9   13:43  46.7   05:28   6.5   0.9  0.00   0.6  15.0   13:13   NNE
----------------------------------------------------------------------------------
    49.9  69.9    14    34.2     1   212.0   0.9  1.64   0.9  19.0     1      NE

Max >=  80.0:  0
Max <=  32.0:  0
Min <=  32.0:  0
Min <=   0.0:  0
Max Rain: 1.36 on day 5
Days of Rain: 5 (>= 0.01 in)  3 (>= 0.10 in)  1 (>= 1.00 in)
Heat Base: 65.0  Cool Base: 65.0  Method: Integration